{"id":2880,"date":"2020-05-24T03:25:40","date_gmt":"2020-05-24T02:25:40","guid":{"rendered":"http:\/\/oxfordbrazilebm.com\/?page_id=2880"},"modified":"2020-05-24T03:25:40","modified_gmt":"2020-05-24T02:25:40","slug":"vinhetas-de-medicamentos-azitromicina","status":"publish","type":"page","link":"https:\/\/oxfordbrazilebm.com\/index.php\/vinhetas-de-medicamentos-azitromicina\/","title":{"rendered":"Vinhetas de medicamentos: Azitromicina"},"content":{"rendered":"<div class=\"wpb-content-wrapper\"><p>[vc_row][vc_column][vc_column_text]Tradutores:\u00a0Branca Heloisa de Oliveira, Rachel Riera<\/p>\n<hr \/>\n<p>&nbsp;<\/p>\n<p>&nbsp;<\/p>\n<p style=\"text-align: right;\">Robin E Ferner*, Jeffrey K Aronson<br \/>\nEm nome da Equipe do Oxford COVID-19 Evidence Service Team<br \/>\nCentre for Evidence-Based Medicine, Nuffield Department of Primary Care Health Sciences<br \/>\nUniversity of Oxford<br \/>\n*University of Birmingham<br \/>\nCoorespond\u00eancia para <a href=\"mailto:r.e.ferner@bham.ac.uk\">r.e.ferner@bham.ac.uk<\/a><\/p>\n<p>&nbsp;<\/p>\n<p>&nbsp;<\/p>\n<p>&nbsp;<\/p>\n<p>&nbsp;<\/p>\n<p style=\"text-align: justify;\"><strong>Descri\u00e7\u00e3o do medicamento, incluindo <em>status<\/em> regulat\u00f3rio<\/strong><\/p>\n<p style=\"text-align: justify;\">A azitromicina \u00e9 um medicamento antibacteriano macrol\u00eddeo, derivado da eritromicina, licenciado nos <a href=\"https:\/\/dailymed.nlm.nih.gov\/dailymed\/drugInfo.cfm?setid=8acce3c1-f4be-4968-a71f-3ffd9fbaa4a4;%20https:\/\/www.medicines.org.uk\/emc\/product\/6541\/smpc\">EUA<\/a> e no <a href=\"https:\/\/www.medicines.org.uk\/emc\/product\/6541\/smpc\">Reino Unido<\/a>, e usado para tratar infec\u00e7\u00f5es bacterianas.<\/p>\n<p style=\"text-align: justify;\">Tem sido utilizada em combina\u00e7\u00e3o com hidroxicloroquina no tratamento de Covid-19. No entanto, h\u00e1 uma intera\u00e7\u00e3o medicamentosa adversa entre os dois, o que contraindica seu uso combinado.<\/p>\n<p style=\"text-align: justify;\"><strong>Mecanismo de a\u00e7\u00e3o<\/strong><\/p>\n<p style=\"text-align: justify;\">A azitromicina exerce sua a\u00e7\u00e3o antibacteriana ligando-se ao RNA de organismos suscet\u00edveis e impedindo a montagem da subunidade riboss\u00f4mica 50S. Isso evita a s\u00edntese proteica dependente de RNA.<\/p>\n<p style=\"text-align: justify;\">Alguns macrol\u00eddeos, incluindo a azitromicina, podem <a href=\"https:\/\/www.ncbi.nlm.nih.gov\/pubmed\/11698042\">reduzir a produ\u00e7\u00e3o de interleucina-6 (IL-6)<\/a> <em>in vitro<\/em>, e a azitromicina se acumula no fluido pulmonar. Como a IL-6 contribui para a tempestade de citocinas associada \u00e0 influenza e outras infec\u00e7\u00f5es virais, a azitromicina foi proposta como <a href=\"https:\/\/www.ncbi.nlm.nih.gov\/pubmed\/16835706\">um modificador potencial<\/a> de infec\u00e7\u00f5es virais graves.<\/p>\n<p style=\"text-align: justify;\">Foi relatado em um breve resumo de Wuhan em 2012 que a azitromicina, independentemente de sua a\u00e7\u00e3o anti-inflamat\u00f3ria, inibiu a replica\u00e7\u00e3o do v\u00edrus da hepatite C (HCV) em hepat\u00f3citos humanos em cultura, <a href=\"https:\/\/doi.org\/10.1007\/s11481-012-9349-0\">interrompendo a autofagia<\/a>, necess\u00e1ria para a libera\u00e7\u00e3o do v\u00edrus nas c\u00e9lulas ap\u00f3s endocitose, ap\u00f3s a qual a replica\u00e7\u00e3o viral pode come\u00e7ar.<\/p>\n<p style=\"text-align: justify;\">Investiga\u00e7\u00f5es sobre o tropismo do v\u00edrus Zika (ZIKV) para diferentes tipos de c\u00e9lulas identificaram a azitromicina como um poss\u00edvel medicamento anti-ZIKV em c\u00e9lulas da glia <em>in vitro<\/em>. O efeito est\u00e1 associado \u00e0 capacidade da azitromicina de bloquear o fator de entrada candidato (&#8220;encaixe&#8221;) para o ZIKV nas membranas das c\u00e9lulas hospedeiras, rotuladas como AXL. A azitromicina &#8220;reduziu drasticamente a infec\u00e7\u00e3o pelo ZIKV das c\u00e9lulas U87 a um EC50 de 2\u20133 \u03bcM em multiplicidades de infec\u00e7\u00e3o (MOIs) de 0,01 a 0,1.<\/p>\n<p style=\"text-align: justify;\">Durante a fase inicial da infec\u00e7\u00e3o pelo v\u00edrus influenza (H1N1), a azitromicina <a href=\"https:\/\/www.ncbi.nlm.nih.gov\/pubmed\/31300721\">bloqueou a internaliza\u00e7\u00e3o do v\u00edrus influenza<\/a> nas c\u00e9lulas hospedeiras. Na cultura de c\u00e9lulas, a azitromicina inativou a atividade endoc\u00edtica dos virions (forma infectante do v\u00edrus) rec\u00e9m-formados de c\u00e9lulas hospedeiras, mas apenas quando administrada antes ou durante a introdu\u00e7\u00e3o do H1N1. Em um modelo murino, a inje\u00e7\u00e3o intranasal repetida de azitromicina, iniciada 7 horas ap\u00f3s a inocula\u00e7\u00e3o do v\u00edrus, reduziu a replica\u00e7\u00e3o viral no segundo dia ap\u00f3s a inocula\u00e7\u00e3o.<\/p>\n<p style=\"text-align: justify;\"><strong>Mecanismo de a\u00e7\u00e3o proposto no COVID-19<\/strong><\/p>\n<p style=\"text-align: justify;\">&#8220;&#8230; o mecanismo da <a href=\"https:\/\/www.jstage.jst.go.jp\/article\/bst\/advpub\/0\/advpub_2020.03058\/_article\">azitromicina contra SARS-CoV-2 n\u00e3o est\u00e1 claro no momento<\/a>.&#8221; No entanto, os mecanismos descritos acima podem ser relevantes. Ainda assim, s\u00e3o mecanismos fracos, dos quais n\u00e3o se espera que <em>a priori <\/em>tenham grandes efeitos.<\/p>\n<p style=\"text-align: justify;\"><strong>\u00a0<\/strong><\/p>\n<p style=\"text-align: justify;\"><strong>Indica\u00e7\u00f5es de formula\u00e7\u00f5es licenciadas no<\/strong> <strong>Reino Unido:<\/strong><\/p>\n<p style=\"text-align: justify;\">&#8211; sinusite bacteriana aguda (diagnosticada adequadamente);<\/p>\n<p style=\"text-align: justify;\">&#8211; otite m\u00e9dia bacteriana aguda (diagnosticada adequadamente);<\/p>\n<p style=\"text-align: justify;\">&#8211; faringite, amigdalite;<\/p>\n<p style=\"text-align: justify;\">&#8211; exacerba\u00e7\u00e3o aguda de bronquite cr\u00f4nica (diagnosticada adequadamente);<\/p>\n<p style=\"text-align: justify;\">&#8211; pneumonia leve a moderadamente grave adquirida na comunidade;<\/p>\n<p style=\"text-align: justify;\">&#8211; infec\u00e7\u00f5es de pele e tecidos moles;<\/p>\n<p style=\"text-align: justify;\">&#8211; uretrite e cervicite por Chlamydia trachomatis e sem complica\u00e7\u00f5es;<\/p>\n<p style=\"text-align: justify;\">Nota: todas essas indica\u00e7\u00f5es s\u00e3o para infec\u00e7\u00f5es bacterianas.<\/p>\n<p style=\"text-align: justify;\"><strong>Uso pr\u00e1tico em indica\u00e7\u00f5es licenciadas<\/strong><\/p>\n<p style=\"text-align: justify;\">Existem 14 registros no <a href=\"https:\/\/www.medicines.org.uk\/emc\">comp\u00eandio eletr\u00f4nico de medicamentos<\/a> de oito empresas farmac\u00eauticas diferentes que descrevem formula\u00e7\u00f5es de azitromicina. Seis delas s\u00e3o de comprimidos ou c\u00e1psulas contendo 250 mg, quatro s\u00e3o de comprimidos de 500 mg, duas s\u00e3o de apresenta\u00e7\u00e3o em p\u00f3 para suspens\u00e3o oral 200 mg por 5 mL, uma \u00e9 de apresenta\u00e7\u00e3o de \u00a0500 mg de p\u00f3 para solu\u00e7\u00e3o de infus\u00e3o intravenosa e uma para col\u00edrio com 15 mg \/ g .<\/p>\n<p style=\"text-align: justify;\">A azitromicina \u00e9 administrada uma vez ao dia, um hora antes ou pelo menos duas horas ap\u00f3s a refei\u00e7\u00e3o.<\/p>\n<p style=\"text-align: justify;\">Um <a href=\"https:\/\/www.medicines.org.uk\/emc\/product\/8663\/smpc\">regime de dosagem oral<\/a> para adultos t\u00edpico \u00e9 de 500 mg \/ dia por 3 dias. Para algumas infec\u00e7\u00f5es, 1000 mg ou 2000 mg podem ser administrados em dose \u00fanica.<\/p>\n<p style=\"text-align: justify;\">Um <a href=\"https:\/\/www.medicines.org.uk\/emc\/product\/1276\/smpc\">regime t\u00edpico de dosagem intravenosa<\/a> para adultos \u00e9 de 500 mg \/ dia por pelo menos dois dias consecutivos, seguido de 500 mg \/ dia por via oral por at\u00e9 7 a 10 dias.<\/p>\n<p style=\"text-align: justify;\"><strong>Farmacocin\u00e9tica<\/strong><\/p>\n<p style=\"text-align: justify;\">Ap\u00f3s administra\u00e7\u00e3o oral, a azitromicina \u00e9 absorvida lenta e fracamente (cerca de 37%) e a sua absor\u00e7\u00e3o \u00e9 vari\u00e1vel. As concentra\u00e7\u00f5es plasm\u00e1ticas m\u00e1ximas s\u00e3o atingidas ap\u00f3s 2 a 3 horas. Tem uma meia-vida longa (2 a 4 dias) devido \u00e0 extensa distribui\u00e7\u00e3o tecidual.<\/p>\n<p style=\"text-align: justify;\">A excre\u00e7\u00e3o biliar da azitromicina inalterada \u00e9 a principal via de elimina\u00e7\u00e3o. Cerca de 12% \u00e9 excretada em forma inalterada na urina, principalmente nas primeiras 24 horas. Seus metab\u00f3litos s\u00e3o microbiologicamente inativos.<\/p>\n<p style=\"text-align: justify;\"><strong>Contraindica\u00e7\u00f5es e precau\u00e7\u00f5es conhecidas<\/strong><\/p>\n<p style=\"text-align: justify;\">Podem ocorrer rea\u00e7\u00f5es de hipersensibilidade.<\/p>\n<p style=\"text-align: justify;\">A depura\u00e7\u00e3o da azitromicina \u00e9 reduzida em pacientes com insufici\u00eancia renal grave.<\/p>\n<p style=\"text-align: justify;\"><strong>Efeitos adversos conhecidos e potenciais<\/strong><\/p>\n<p style=\"text-align: justify;\">O <a href=\"https:\/\/www.medicines.org.uk\/emc\/product\/6541\/smpc\">Resumo das Caracter\u00edsticas de Produtos<\/a> e o <a href=\"https:\/\/dailymed.nlm.nih.gov\/dailymed\/drugInfo.cfm?setid=8acce3c1-f4be-4968-a71f-3ffd9fbaa4a4;%20https:\/\/www.medicines.org.uk\/emc\/product\/6541\/smpc\">R\u00f3tulo de Medicamentos dos EUA<\/a> listam muitas rea\u00e7\u00f5es adversas relacionadas ao medicamento. As rea\u00e7\u00f5es adversas comuns ou muito comuns incluem diarreia, n\u00e1usea, v\u00f4mito, dor de cabe\u00e7a e fadiga. Rea\u00e7\u00f5es e eventos adversos incomuns ou raros incluem gastrite, dispneia, redu\u00e7\u00e3o de gl\u00f3bulos brancos, altera\u00e7\u00e3o de provas de fun\u00e7\u00e3o hep\u00e1tica, ansiedade e agita\u00e7\u00e3o, erup\u00e7\u00f5es cut\u00e2neas e artralgia. As frequ\u00eancias das rea\u00e7\u00f5es s\u00e3o definidas de acordo com a seguinte conven\u00e7\u00e3o: muito comuns (\u2265 1\/10); comum (\u2265 1\/100 a &lt;1\/10); incomum (\u2265 1 \/ 1.000 a &lt;1\/100); raro (\u2265 1 \/ 10.000 a &lt;1 \/ 1.000); muito raro (&lt;1 \/ 10.000).<\/p>\n<p style=\"text-align: justify;\"><strong>Prolongamento do intervalo QTc<\/strong><\/p>\n<p style=\"text-align: justify;\">A azitromicina prolonga o intervalo QTc e, portanto, aumenta o risco de arritmia ventricular conhecida como Torsades de Pointes; isso pode ser fatal. Veja tamb\u00e9m intera\u00e7\u00f5es medicamentosas abaixo.<\/p>\n<p style=\"text-align: justify;\"><strong>\u00a0<\/strong><strong>Intera\u00e7\u00f5es medicamentosas<\/strong><\/p>\n<p style=\"text-align: justify;\">A azitromicina inibe a enzima CYP3A4, embora menos do que alguns outros macrol\u00eddeos. Isso pode levar a intera\u00e7\u00f5es com medicamentos metabolizados pelo CYP3A4.<\/p>\n<p style=\"text-align: justify;\">Os macrol\u00eddeos aumentam a <a href=\"https:\/\/www.ncbi.nlm.nih.gov\/pmc\/articles\/PMC1835901\/\">exposi\u00e7\u00e3o<\/a> \u00e0 digoxina, provavelmente inibindo seu metabolismo pr\u00e9-sist\u00eamico pelo <em>Eubacterium lentum<\/em> no intestino.<\/p>\n<p style=\"text-align: justify;\">A azitromicina n\u00e3o deve ser combinada com outros medicamentos que prolongam o intervalo QTc; estes incluem cloroquina e hidroxicloroquina.<\/p>\n<ul style=\"text-align: justify;\">\n<li>Em um <a href=\"https:\/\/www.medrxiv.org\/content\/10.1101\/2020.04.02.20047050v1\">relato<\/a> de 84 adultos tratados com a associa\u00e7\u00e3o hidroxicloroquina + azitromicina, o intervalo QTc aumentou mais de 40 milissegundos em quase um ter\u00e7o dos pacientes e para mais de 500 milissegundos em mais de um em cada dez.<\/li>\n<li>Em uma <a href=\"https:\/\/www.ncbi.nlm.nih.gov\/pubmed\/32356858\">s\u00e9rie de 40 pacientes<\/a> com COVID-19, o intervalo QTc foi prolongado em 500 milissegundos ou mais em 6\/18 (33%) pacientes tratados com a associa\u00e7\u00e3o hidroxicloroquina + azitromicina e em 1\/22 (5%) em compara\u00e7\u00e3o com os pacientes tratados com hidroxicloroquina isolada (p = 0,03).<\/li>\n<li>Uma <a href=\"https:\/\/pubmed.ncbi.nlm.nih.gov\/32356863\/\">revis\u00e3o de 90 pacientes<\/a> relatou que a mediana do QTc aumentou 23 milissegundos (intervalo interquartil [IQ]: 10-40) nos 37 pacientes tratados com a associa\u00e7\u00e3o hidroxicloroquina + azitromicina, em compara\u00e7\u00e3o com 5,5 milissegundos (IQ: -14\u201331) nos 53 pacientes que receberam hidroxicloroquina isoladamente. Um paciente que interrompeu o uso da associa\u00e7\u00e3o hidroxicloroquina + azitromicina devido ao prolongamento do intervalo QTc (499 milissegundos) desenvolveu Torsade de Pointes tr\u00eas dias depois.<\/li>\n<\/ul>\n<p style=\"text-align: justify;\"><strong>Experi\u00eancia em outras infec\u00e7\u00f5es virais<\/strong><\/p>\n<p style=\"text-align: justify;\">Em um <a href=\"https:\/\/pubmed.ncbi.nlm.nih.gov\/30690213\">estudo<\/a> retrospectivo de 349 pacientes cr\u00edticos com MERS, a azitromicina e outros antibi\u00f3ticos macrol\u00eddeos n\u00e3o tiveram efeito na mortalidade em 90 dias ou na melhora da depura\u00e7\u00e3o do RNA do MERS-CoV; pacientes que receberam macrol\u00eddeos apresentaram maior probabilidade de serem internados devido a MERS adquirida na comunidade.<\/p>\n<p style=\"text-align: justify;\">Um protocolo para um estudo de medicamentos antivirais em Ebola, que incluiu a azitromicina, foi <a href=\"https:\/\/clinicaltrials.gov\/ct2\/show\/results\/NCT02380625\">registrado em 2015<\/a>, mas nenhum resultado est\u00e1 dispon\u00edvel.<\/p>\n<p style=\"text-align: justify;\">Em um <a href=\"https:\/\/pubmed.ncbi.nlm.nih.gov\/22748516\">estudo<\/a> randomizado, duplo-cego, controlado por placebo, em 184 crian\u00e7as com bronquiolite, a azitromicina n\u00e3o melhorou os principais resultados cl\u00ednicos, mesmo ao restringir os achados \u00e0queles com infec\u00e7\u00e3o comprovada pelo v\u00edrus sincicial respirat\u00f3rio.<\/p>\n<p style=\"text-align: justify;\"><strong>Experi\u00eancia no COVID-19<\/strong><\/p>\n<p style=\"text-align: justify;\">As evid\u00eancias dos ensaios cl\u00ednicos em COVID-19 est\u00e3o come\u00e7ando a aparecer, mas geralmente em formato<em> pre-print <\/em>ou sem revis\u00e3o detalhada por pares. Isso significa que \u00e9 necess\u00e1rio cautela antes de aceitar as conclus\u00f5es desses estudos n\u00e3o controlados ou mal controlados e sem cegamento.<\/p>\n<p style=\"text-align: justify;\">Um <a href=\"https:\/\/www.ncbi.nlm.nih.gov\/pmc\/articles\/PMC7102549\/\">estudo franc\u00eas<\/a> avaliou o papel da hidroxicloroquina no COVID-19 em 26 pacientes volunt\u00e1rios, seis dos quais desistiram; seus resultados foram comparados com aqueles que se recusaram a participar ou que foram tratados em outros hospitais. Seis indiv\u00edduos foram tratados com a associa\u00e7\u00e3o azitromicina + hidroxicloroquina, embora a escolha dos indiv\u00edduos \u201cdependendo de sua apresenta\u00e7\u00e3o cl\u00ednica\u201d n\u00e3o tenha sido explicada. O desfecho relatado foi a carga viral avaliada pelo RT-PCR, e n\u00e3o <a href=\"https:\/\/www.cebm.net\/covid-19\/hydroxychloroquine-for-covid-19-what-do-the-clinical-trials-tell-us\/\">aqueles especificados<\/a> no <a href=\"https:\/\/www.clinicaltrialsregister.eu\/ctr-search\/trial\/2020-000890-25\/FR\">protocolo<\/a> do estudo. Os seis pacientes que receberam a associa\u00e7\u00e3o hidroxicloroquina + azitromicina apresentaram negativa\u00e7\u00e3o da carga viral no quinto dia.<\/p>\n<p style=\"text-align: justify;\">Ap\u00f3s a publica\u00e7\u00e3o, este estudo foi amplamente <a href=\"https:\/\/scienceintegritydigest.com\/2020\/03\/24\/thoughts-on-the-gautret-et-al-paper-about-hydroxychloroquine-and-azithromycin-treatment-of-covid-19-infections\/\">criticado<\/a>, e grandes discrep\u00e2ncias foram observadas. Uma <a href=\"https:\/\/www.cebm.net\/covid-19\/hydroxychloroquine-for-covid-19-what-do-the-clinical-trials-tell-us\/\">compara\u00e7\u00e3o<\/a> do protocolo do estudo com os resultados publicados tamb\u00e9m mostrou grandes discrep\u00e2ncias. Posteriormente, o Presidente da Sociedade Internacional de Quimioterapia Antimicrobiana (ISAC), que publica a revista na qual os resultados foram publicados dentro de um dia ap\u00f3s o recebimento, o Jornal Internacional de Agentes Antimicrobianos, publicou uma <a href=\"https:\/\/www.isac.world\/news-and-publications\/official-isac-statement\">declara\u00e7\u00e3o<\/a> observando que o ISAC \u201ccompartilha as preocupa\u00e7\u00f5es sobre o artigo acima [e] acredita que o artigo n\u00e3o atende ao padr\u00e3o esperado da Sociedade, principalmente relacionado \u00e0 falta de melhores explica\u00e7\u00f5es sobre os crit\u00e9rios de inclus\u00e3o e \u00e0 triagem de pacientes para garantir a seguran\u00e7a do paciente \u201d.<\/p>\n<p style=\"text-align: justify;\">O mesmo grupo de pesquisa publicou posteriormente <a href=\"https:\/\/www.sciencedirect.com\/science\/article\/pii\/S1477893920301319.\">resultados preliminares<\/a> em 80 pacientes e, mais recentemente, em um <a href=\"https:\/\/www.mediterranee-infection.com\/wp-content\/uploads\/2020\/04\/MS.pdf\">esbo\u00e7o de manuscrito<\/a> descrevendo o resultado em 1061 pacientes com COVID-19 tratados por pelo menos 3 dias com hidroxicloroquina + azitromicina. No estudo maior, 31 pacientes estiveram no hospital por 10 dias ou mais, outros 10 foram transferidos para unidades de terapia intensiva e oito pacientes idosos morreram. N\u00e3o houve grupo controle. Os autores, no entanto, alegaram que a combina\u00e7\u00e3o de medicamentos evitou a progress\u00e3o da doen\u00e7a e a persist\u00eancia viral.<\/p>\n<p style=\"text-align: justify;\">Outro grupo de pesquisa relatou os <a href=\"https:\/\/doi.org\/10.1016\/j.medmal.2020.03.006\">resultados<\/a> em 11 pacientes com COVID-19 tratados com hidroxicloroquina + azitromicina; a PCR quantitativa permaneceu positiva em 8 dos 10 pacientes nos quais eles foram repetidos ap\u00f3s cinco ou seis dias de tratamento.<\/p>\n<p style=\"text-align: justify;\"><strong>Perspectiva<\/strong><\/p>\n<p style=\"text-align: justify;\">N\u00e3o houve relatos dos resultados de ensaios cl\u00ednicos bem desenhados do uso de azitromicina no COVID-19. \u00c9 mais prov\u00e1vel reduzir o risco de infec\u00e7\u00e3o bacteriana secund\u00e1ria do que ter um efeito antiviral direto, mas outros agentes antibacterianos s\u00e3o prefer\u00edveis para esse fim. Ela n\u00e3o deve ser utilizada em combina\u00e7\u00e3o com hidroxicloroquina. At\u00e9 que os resultados de estudos controlados randomizados, com cegamento duplo e poder adequado apare\u00e7am, se houver, ela n\u00e3o deve ser usada para tratar o COVID-19, exceto como parte desses ensaios.<\/p>\n<p style=\"text-align: justify;\"><strong>Declara\u00e7\u00e3o de transpar\u00eancia:<\/strong> Este artigo n\u00e3o foi revisado por pares; n\u00e3o deve substituir o julgamento cl\u00ednico individual e as fontes citadas devem ser verificadas. As opini\u00f5es expressas neste coment\u00e1rio representam as opini\u00f5es dos autores e n\u00e3o necessariamente as da institui\u00e7\u00e3o anfitri\u00e3, do NHS, do NIHR ou do Department of Health and Social Care. As opini\u00f5es n\u00e3o substituem aconselhamento m\u00e9dico profissional.<\/p>\n<p>[\/vc_column_text][\/vc_column][\/vc_row]<\/p>\n<\/div>","protected":false},"excerpt":{"rendered":"<p>[vc_row][vc_column][vc_column_text]Tradutores:\u00a0Branca Heloisa de Oliveira, Rachel Riera &nbsp; &nbsp; Robin E Ferner*, Jeffrey K Aronson Em nome da Equipe do Oxford COVID-19 Evidence Service Team Centre for Evidence-Based Medicine, Nuffield Department of Primary Care Health Sciences University of Oxford *University of Birmingham Coorespond\u00eancia para r.e.ferner@bham.ac.uk &nbsp; &nbsp; &nbsp; &nbsp; Descri\u00e7\u00e3o do medicamento, incluindo status regulat\u00f3rio A&hellip;<\/p>\n","protected":false},"author":1,"featured_media":0,"parent":0,"menu_order":0,"comment_status":"closed","ping_status":"closed","template":"","meta":{"footnotes":""},"class_list":["post-2880","page","type-page","status-publish","hentry","description-off"],"_links":{"self":[{"href":"https:\/\/oxfordbrazilebm.com\/index.php\/wp-json\/wp\/v2\/pages\/2880","targetHints":{"allow":["GET"]}}],"collection":[{"href":"https:\/\/oxfordbrazilebm.com\/index.php\/wp-json\/wp\/v2\/pages"}],"about":[{"href":"https:\/\/oxfordbrazilebm.com\/index.php\/wp-json\/wp\/v2\/types\/page"}],"author":[{"embeddable":true,"href":"https:\/\/oxfordbrazilebm.com\/index.php\/wp-json\/wp\/v2\/users\/1"}],"replies":[{"embeddable":true,"href":"https:\/\/oxfordbrazilebm.com\/index.php\/wp-json\/wp\/v2\/comments?post=2880"}],"version-history":[{"count":1,"href":"https:\/\/oxfordbrazilebm.com\/index.php\/wp-json\/wp\/v2\/pages\/2880\/revisions"}],"predecessor-version":[{"id":2881,"href":"https:\/\/oxfordbrazilebm.com\/index.php\/wp-json\/wp\/v2\/pages\/2880\/revisions\/2881"}],"wp:attachment":[{"href":"https:\/\/oxfordbrazilebm.com\/index.php\/wp-json\/wp\/v2\/media?parent=2880"}],"curies":[{"name":"wp","href":"https:\/\/api.w.org\/{rel}","templated":true}]}}