{"id":2680,"date":"2020-05-08T02:09:53","date_gmt":"2020-05-08T01:09:53","guid":{"rendered":"http:\/\/oxfordbrazilebm.com\/?page_id=2680"},"modified":"2020-05-08T02:09:53","modified_gmt":"2020-05-08T01:09:53","slug":"comparacao-de-acuracia-entre-os-swabs-orofaringeo-e-nasofaringeo-no-diagnostico-de-covid-19","status":"publish","type":"page","link":"https:\/\/oxfordbrazilebm.com\/index.php\/comparacao-de-acuracia-entre-os-swabs-orofaringeo-e-nasofaringeo-no-diagnostico-de-covid-19\/","title":{"rendered":"Compara\u00e7\u00e3o de acur\u00e1cia entre os swabs orofar\u00edngeo e nasofar\u00edngeo no diagn\u00f3stico de COVID-19"},"content":{"rendered":"<div class=\"wpb-content-wrapper\"><p>[vc_row][vc_column][vc_column_text]Tradutores: Regis Vieira, Enderson Miranda<\/p>\n<hr \/>\n<p>&nbsp;<\/p>\n<p>&nbsp;<\/p>\n<p style=\"text-align: right;\"><strong>Catherine Carver, Nick Jones <\/strong><\/p>\n<p style=\"text-align: right;\"><strong>Edinburgh \/ Oxford<br \/>\n<\/strong>Em nome da Equipe de Servi\u00e7o de Evid\u00eancia Oxford COVID-19<br \/>\nCentro de Medicina Baseada em Evid\u00eancias, Departamento Nuffield de Ci\u00eancias da Sa\u00fade Universidade de Oxford<br \/>\nCorrespond\u00eancia para\u00a0<a href=\"mailto:jamie.hartmann-boyce@phc.ox.ac.uk\">jamie.hartmann-boyce@phc.ox.ac.uk<\/a><\/p>\n<p style=\"text-align: right;\"><strong>26 de Mar\u00e7o de 2020<\/strong><\/p>\n<p style=\"text-align: justify;\"><strong>\u00a0<\/strong><\/p>\n<p style=\"text-align: justify;\"><strong>PARECER<\/strong><\/p>\n<p style=\"text-align: justify;\">Os \u00fanicos dados espec\u00edficos atuais sobre COVID-19 que comparam OF com NF prov\u00eam de dois estudos de baixa qualidade e n\u00e3o revisados por pares, e devem ser vistos com cautela. N\u00e3o \u00e9 poss\u00edvel avaliar sensibilidade com precis\u00e3o baseado nos dados existentes e n\u00e3o existem dados para avaliar o impacto diagn\u00f3stico da combina\u00e7\u00e3o dos dois testes.<\/p>\n<p style=\"text-align: justify;\">Foram encontrados dois estudos sobre COVID-19, um com 213 pacientes e 205 amostras OF e 490 NF (1) e outro com nove pacientes e um n\u00famero desconhecido de amostras (2). O estudo menor de Wolfel n\u00e3o encontrou diferen\u00e7a nas taxas de detec\u00e7\u00e3o entre OF e NF, mas Yang, o maior dos dois estudos, informou que os swabs de OF detectaram o v\u00edrus COVID-19 com menos frequ\u00eancia do que os swabs de NF e n\u00e3o devem ser usados no lugar de swabs de NF. Essa diferen\u00e7a foi mais not\u00e1vel em 8 dias ou mais ap\u00f3s o in\u00edcio da doen\u00e7a, com uma diferen\u00e7a m\u00ednima de cerca de 20 pontos percentuais nas taxas positivas entre os swabs OF e NF. A diferen\u00e7a foi menor em 0 a 7 dias, com cerca de 60% dos pacientes infectados com COVID-19 positivos no OF versus cerca de 70% no NF.<\/p>\n<p style=\"text-align: justify;\">Ambos os estudos recrutaram pacientes hospitalizados e n\u00e3o est\u00e1 claro se o primer usado no RT-PCR foi o mesmo usado em outros pa\u00edses. A aplicabilidade a outros ambientes de assist\u00eancia m\u00e9dica \u00e9, portanto, incerta. No geral, os dados n\u00e3o s\u00e3o robustos, mas devemos advertir contra confiar apenas no OF sobre o NF.<\/p>\n<p style=\"text-align: justify;\"><strong>\u00a0<\/strong><\/p>\n<p style=\"text-align: justify;\"><strong>CONTEXTO<\/strong><\/p>\n<p style=\"text-align: justify;\"><strong><br \/>\n<\/strong>SARS-CoV-2 \u00e9 o v\u00edrus que est\u00e1 sendo detectado para testes da doen\u00e7a COVID-19; para facilitar a comunica\u00e7\u00e3o, esta revis\u00e3o vai se referir como teste do v\u00edrus COVID-19. As t\u00e9cnicas de teste para o v\u00edrus COVID-19 est\u00e3o em <a href=\"https:\/\/www.nature.com\/articles\/d41586-020-00827-6\">constante evolu\u00e7\u00e3o<\/a> com o objetivo de termos testes mais r\u00e1pidos e que necessitam de tecnologias menos complexas. As <a href=\"https:\/\/www.england.nhs.uk\/coronavirus\/wp-content\/uploads\/sites\/52\/2020\/03\/guidance-and-sop-covid-19-virus-testing-in-nhs-laboratories-v1.pdf\">diretrizes atuais do NHS (Servi\u00e7o nacional de sa\u00fade do Reino Unido) para o teste do v\u00edrus COVID-19<\/a> afirmam que a t\u00e9cnica de triagem \/ teste preferido \u00e9 o diagn\u00f3stico molecular usando o teste de RT-PCR em tempo real (gene RdRp).<\/p>\n<p style=\"text-align: justify;\">Uma quest\u00e3o \u00e9 como coletar amostras para testes, pois o mecanismo afeta a viabilidade de expandir para testes em massa da comunidade, distribuindo testes dom\u00e9sticos ou usando filtros de tela. <a href=\"https:\/\/assets.publishing.service.gov.uk\/government\/uploads\/system\/uploads\/attachment_data\/file\/866632\/COVID-19_Sample_Packaging_Instructions_PHE_A3_poster_12.pdf\">Orienta\u00e7\u00e3o atual sobre sa\u00fade p\u00fablica na Inglaterra\u00a0<\/a>recomenda que amostras do trato respirat\u00f3rio superior sejam administradas em uma das seguintes maneiras:<\/p>\n<ul style=\"text-align: justify;\">\n<li>swabs individuais de nariz e garganta em tubos de coleta separados<\/li>\n<li>swab combinado de nariz e garganta em um tubo de coleta contendo meio de transporte universal<\/li>\n<li>swab \u00fanico usado para garganta e nariz<\/li>\n<li>aspirado nasofar\u00edngeo<\/li>\n<\/ul>\n<p style=\"text-align: justify;\">Eles tamb\u00e9m recomendam a coleta de uma amostra do trato respirat\u00f3rio inferior na forma de escarro, se poss\u00edvel.<\/p>\n<p style=\"text-align: justify;\">Atualmente, o <a href=\"https:\/\/www.cdc.gov\/coronavirus\/2019-ncov\/lab\/guidelines-clinical-specimens.html\">CDC (Centro de Controle de Doen\u00e7as)<\/a> dos EUA est\u00e1 recomendando a coleta apenas de swabs nasofar\u00edngeos (NF), ao inv\u00e9s de NF e orofar\u00edngeos (OF). Entretanto, seria mais f\u00e1cil realizar OF sem treinamento pr\u00e9vio. A pergunta \u00e9 se existe uma diferen\u00e7a significativa na sensibilidade entre os dois m\u00e9todos.<\/p>\n<p style=\"text-align: justify;\"><strong>\u00a0<\/strong><\/p>\n<p style=\"text-align: justify;\"><strong>ESTRAT\u00c9GIA DE BUSCA<\/strong><\/p>\n<p style=\"text-align: justify;\"><strong>\u00a0<\/strong><\/p>\n<p style=\"text-align: justify;\">Termos de pesquisa: <em>COVID-19, SARS-CoV-2, wuhan coronavirus, 2019-nCoV, 2019nCoV, nasopharyngeal, oropharyngeal, swab, diagnosis, diagnostic, test, sensitivity<\/em><\/p>\n<p style=\"text-align: justify;\">Bancos de dados: PubMed, Embase, Web of Science, Scopus e Google Scholar. As pesquisas do Google tamb\u00e9m foram usadas para fornecer acesso a informa\u00e7\u00f5es governamentais, de institutos internacionais e do setor. As pesquisas foram limitadas a 2020 porque o primeiro teste foi desenvolvido em<a href=\"https:\/\/www.medscape.com\/viewarticle\/926973\">\u00a0Janeiro de 2020<\/a>.<\/p>\n<p style=\"text-align: justify;\">\u00caxitos: 527 cita\u00e7\u00f5es \u00fanicas<\/p>\n<p style=\"text-align: justify;\">Artigos \u00fateis: 2.<\/p>\n<p style=\"text-align: justify;\">Al\u00e9m disso, uma revis\u00e3o chinesa potencialmente relevante de<a href=\"https:\/\/www.ncbi.nlm.nih.gov\/pubmed\/32166939\">\u00a0Ye e colegas<\/a> (3) foi encontrada mas exclu\u00edda porque estava em chin\u00eas e, a baseado no resumo, parecia basear-se em dados de MERS\/SARS\/H1N1. Outro artigos de <a href=\"https:\/\/jamanetwork.com\/journals\/jama\/fullarticle\/2762997\">Wang e<\/a><u> colegas<\/u>\u00a0(4) foi exclu\u00eddo porque, ao entrar em contato com os autores, descobrimos que &#8220;far\u00edngea&#8221; incluiu OF e NF, enquanto &#8220;nasal&#8221; significava narina.<\/p>\n<p style=\"text-align: justify;\"><strong>\u00a0<\/strong><\/p>\n<p style=\"text-align: justify;\"><strong>\u00a0<\/strong><\/p>\n<p style=\"text-align: justify;\"><strong>RESUMO DOS RESULTADOS DOS ESTUDOS MAIS \u00daTEIS\u00a0<\/strong><\/p>\n<p style=\"text-align: justify;\"><strong>COVID-19 teste de v\u00edrus: OF vs NF<\/strong><\/p>\n<p style=\"text-align: justify;\">Encontramos dois artigos que compararam OF versus NF. Ambos eram de baixa qualidade e n\u00e3o revisados por pares e, portanto, devem ser vistos com cautela.<a href=\"https:\/\/www.medrxiv.org\/content\/10.1101\/2020.02.11.20021493v2.full.pdf\">\u00a0Yang 2020<\/a>\u00a0(1) examinou 205 swabs na garganta e 490 swabs nasais (confirmadas pelo autor como OF e NF, respectivamente) em 213 pacientes com COVID 19 hospitalizados na China. Eles relataram taxas de teste positivas para esses diferentes swabs em casos leves e graves em momentos diferentes ap\u00f3s o in\u00edcio da doen\u00e7a. Eles conclu\u00edram que as swabs OF n\u00e3o devem ser usadas para o diagn\u00f3stico. Isso foi baseado nas seguintes taxas positivas:<\/p>\n<p style=\"text-align: justify;\">Dia 0-7<\/p>\n<p style=\"text-align: justify;\">Leve: OF 61,3% (46\/75) NF 72,1% (147\/204)<\/p>\n<p style=\"text-align: justify;\">Grave: OF 60% (12\/20) NF 73,3% (11\/15)<\/p>\n<p style=\"text-align: justify;\">Dia 8-14<\/p>\n<p style=\"text-align: justify;\">Leve: OF 29,6% (8\/27) NF 53,6% (96\/179)<\/p>\n<p style=\"text-align: justify;\">Grave: OF 50% (18\/36) NF 72,3% (34\/47)<\/p>\n<p style=\"text-align: justify;\">Day 15+<\/p>\n<p style=\"text-align: justify;\">Leve: OF 11,1% (1\/9) NF 54,5% (6\/11)<\/p>\n<p style=\"text-align: justify;\">Grave: OF 36,8% (14\/38) NF 50% (17\/34)<\/p>\n<p style=\"text-align: justify;\">Nenhum c\u00e1lculo de signific\u00e2ncia foi realizado.<\/p>\n<p style=\"text-align: justify;\">Isso contrasta com um estudo menor de<a href=\"https:\/\/www.medrxiv.org\/content\/10.1101\/2020.03.05.20030502v1.full.pdf\">\u00a0Wolfel 2020<\/a>\u00a0(2) que descreveu OF e NF em nove pacientes com COVID-19 na Alemanha. Eles relataram todos os swabs (n\u00famero desconhecido) de todos os pacientes tomados nos dias 1-5 dos sintomas com resultado positivo. Eles tamb\u00e9m declararam que as swabs coletadas ap\u00f3s o dia 5 apresentaram uma taxa de detec\u00e7\u00e3o de 45,95% e n\u00e3o encontraram diferen\u00e7as discern\u00edveis nas cargas virais ou nas taxas de detec\u00e7\u00e3o ao comparar NF e OF.<\/p>\n<p style=\"text-align: justify;\"><strong>\u00a0<\/strong><\/p>\n<p style=\"text-align: justify;\"><strong>AN\u00c1LISE CR\u00cdTICA DE ESTUDOS DE ACUR\u00c1CIA<\/strong><\/p>\n<p style=\"text-align: justify;\"><strong>\u00a0<\/strong><\/p>\n<p style=\"text-align: justify;\">A ferramenta \u2018<a href=\"https:\/\/casp-uk.net\/wp-content\/uploads\/2018\/03\/CASP-Diagnostic-Checklist-2018_fillable_form.pdf\">CASP\u2019<\/a> foi utilizada para avalia\u00e7\u00e3o cr\u00edtica dos estudos de acur\u00e1cia. Ambos os artigos foram avaliados como de baixa qualidade.<\/p>\n<p style=\"text-align: justify;\">Primeiro, n\u00e3o \u00e9 poss\u00edvel calcular a sensibilidade porque os dois trabalhos assumem que todos os positivos s\u00e3o verdadeiros positivos e que todos os negativos s\u00e3o verdadeiros negativos. Existem poucos dados p\u00fablicos sobre as taxas de falso positivo e falso negativo dos v\u00e1rios testes baseados em RT-PCR, mas isso foi levantado como um problema em potencial (ver<a href=\"https:\/\/pubs.rsna.org\/doi\/10.1148\/radiol.2020200642\">\u00a0Ai\u00a02020<\/a> (5) e<a href=\"https:\/\/pubmed.ncbi.nlm.nih.gov\/32133832\/?fbclid=IwAR3LHLplRtmPZED3jt_Hjf2ZKysmDcXMU5LgVgNPcqNAtb9EzcQBKMtCIoI\">\u00a0Zhuang<\/a>\u00a02020 (6) \u2013 para este \u00faltimo, apenas o resumo est\u00e1 em ingl\u00eas). As sensibilidades do teste podem ser afetadas pelo primer usado no RT-PCR, que vale a pena notar ao comparar artigos em que o primer n\u00e3o est\u00e1 indicado, como Yang, aos dados do Reino Unido. Por exemplo, Chan et al (7) descreveram como o ensaio COVID-19-RdRp \/ Hel foi positivo para mais 42 amostras de RdRd-P2-negativo [119\/273 (43,6%) vs 77\/273 (28,2%), P&lt;0,001. N\u00e3o est\u00e1 claro se diferentes iniciadores alterariam as sensibilidades relativas de diferentes tipos de amostras.<\/p>\n<p style=\"text-align: justify;\">Segundo, h\u00e1 uma falta de clareza sobre o padr\u00e3o de refer\u00eancia em que os testes est\u00e3o sendo comparados. No caso de Yang, presume-se que tenha um RT-PCR positivo de qualquer uma das amostras colhidas (OF, NF, expectora\u00e7\u00e3o, LBA), mas isso n\u00e3o est\u00e1 claro. Se for esse o caso, embora compreensivelmente pragm\u00e1tico nas circunst\u00e2ncias, significa que o padr\u00e3o de refer\u00eancia possui sensibilidade e especificidade de fluidos e que o padr\u00e3o de refer\u00eancia e o teste em quest\u00e3o podem ser a mesma coisa. Isso tamb\u00e9m \u00e9 um problema em Wolfel, onde parece que o padr\u00e3o de refer\u00eancia era um NF ou OF positivo.<\/p>\n<p style=\"text-align: justify;\">Finalmente, nenhum artigo forneceu uma descri\u00e7\u00e3o detalhada da t\u00e9cnica de amostragem, o que pode ser importante em termos de interpreta\u00e7\u00e3o da precis\u00e3o de cada abordagem.<\/p>\n<p style=\"text-align: justify;\"><strong>\u00a0<\/strong><\/p>\n<p style=\"text-align: justify;\"><strong>\u00a0<\/strong><\/p>\n<p style=\"text-align: justify;\"><strong>OF vs NF em outros v\u00edrus respirat\u00f3rios<\/strong><\/p>\n<p style=\"text-align: justify;\">Tendo poucos dados sobre COVID-19, tamb\u00e9m analisamos brevemente OF vs NF em outros v\u00edrus respirat\u00f3rios. No entanto, pesquisas anteriores sobre OF vs NF em v\u00edrus respirat\u00f3rios s\u00e3o amb\u00edguas. Por exemplo, em um estudo de 2.331 amostras emparelhadas<u>\u00a0<\/u><a href=\"https:\/\/dx-doi-org.ezproxy.is.ed.ac.uk\/10.1371%2Fjournal.pone.0021610\">2011 Kim relatou<\/a>\u00a0(8) que \u201cAs sensibilidades foram vari\u00e1veis entre os oito v\u00edrus testados; nenhum dos testes foi consistentemente mais eficaz que o outro. \u201d O estudo deles n\u00e3o incluiu o coronav\u00edrus. Igualmente, em um estudo menor em 2009<a href=\"https:\/\/www.copanusa.com\/wp-content\/uploads\/2019\/04\/221427146866_3439.pdf\">\u00a0Lieberman<\/a>\u00a0(9) examinou 12 v\u00edrus respirat\u00f3rios e encontrou uma sensibilidade significativamente mais alta para NF sobre OF, embora isso n\u00e3o tenha sido estatisticamente significativo para v\u00edrus do tipo coronav\u00edrus (o estudo foi insuficiente para detectar diferen\u00e7as dentro dos grupos de v\u00edrus). No que diz respeito \u00e0 combina\u00e7\u00e3o de m\u00e9todos de amostragem, <a href=\"https:\/\/www.ncbi.nlm.nih.gov\/pmc\/articles\/PMC6711916\/\">uma<\/a> <a href=\"https:\/\/www.ncbi.nlm.nih.gov\/pmc\/articles\/PMC6711916\/\">revis\u00e3o de 14 estudos em 2019 <\/a>(10), ao examinar os v\u00edrus da gripe, tamb\u00e9m relatou que a NF tinha uma sensibilidade mais alta que a OF, mas apontou que \u201cuma combina\u00e7\u00e3o de dois m\u00e9todos menos invasivos de esfrega\u00e7o, como esfrega\u00e7os nasais e orofar\u00edngeos, teve quase a mesma sensibilidade que as amostras nasofar\u00edngeas\u201d. No entanto, esses resultados s\u00e3o baseados na gripe influenza e os dados de Kim sugerem varia\u00e7\u00e3o espec\u00edfica do v\u00edrus na sensibilidade do local; al\u00e9m disso, esta foi uma revis\u00e3o descritiva porque a falta de homogeneidade entre os dados impediu a metan\u00e1lise.<\/p>\n<p style=\"text-align: justify;\"><strong>\u00a0<\/strong><\/p>\n<p style=\"text-align: justify;\"><strong>CONCLUS\u00c3O<\/strong><\/p>\n<p style=\"text-align: justify;\"><strong><br \/>\n<\/strong>Resumindo, embora existam dados que as taxas de detec\u00e7\u00e3o variam de acordo com o local da amostra (consulte <a href=\"https:\/\/jamanetwork.com\/journals\/jama\/fullarticle\/2762997\">Wang 2020<\/a>), os \u00fanicos dados espec\u00edficos atuais do COVID-19 prov\u00eam de dois estudos de baixa qualidade e sem revis\u00e3o por pares e devem ser vistos com cautela. N\u00e3o \u00e9 poss\u00edvel avaliar com precis\u00e3o a sensibilidade dos dados existentes e n\u00e3o existem dados para avaliar o impacto diagn\u00f3stico da combina\u00e7\u00e3o dos dois testes. No entanto, o maior dos dois estudos encontrados relatou que os swabs de orofaringe detectaram o v\u00edrus COVID-19 com menos frequ\u00eancia que os swabs nasofar\u00edngeos e n\u00e3o devem ser usados para substituir swabs nasofar\u00edngeos, principalmente a partir do oitavo dia do in\u00edcio dos sintomas. Notavelmente, ambos os estudos foram baseados em pacientes hospitalizados (embora que Wolfel incluiu alguns testes de pacientes hospitalizados que tamb\u00e9m foram testados na comunidade), portanto a aplicabilidade aos cuidados prim\u00e1rios pode ser limitada. No geral, os dados n\u00e3o s\u00e3o robustos, mas mesmo assim advertimos contra confiar em OF mais do de NF.<\/p>\n<p style=\"text-align: justify;\"><strong>Declara\u00e7\u00e3o:<\/strong><strong>\u00a0<\/strong>este artigo n\u00e3o foi revisado por pares e n\u00e3o deve substituir o julgamento cl\u00ednico individual e as fontes citadas devem ser verificadas. As opini\u00f5es expressas nesse coment\u00e1rio representam as opini\u00f5es dos autores e n\u00e3o necessariamente as da institui\u00e7\u00e3o anfitri\u00e3, do National Health Service (HHS), do National Institute for Health Research (NIHR) ou do Departamento de Sa\u00fade do Reino Unido. As opini\u00f5es n\u00e3o substituem a consulta m\u00e9dica.<\/p>\n<p><strong>\u00a0<\/strong><\/p>\n<p><strong>Link para o original: \u00a0<\/strong><a href=\"https:\/\/www.cebm.net\/covid-19\/comparative-accuracy-of-oropharyngeal-and-nasopharyngeal-swabs-for-diagnosis-of-covid-19\/\">https:\/\/www.cebm.net\/covid-19\/comparative-accuracy-of-oropharyngeal-and-nasopharyngeal-swabs-for-diagnosis-of-covid-19\/<\/a><\/p>\n<p><strong>\u00a0<\/strong><\/p>\n<hr \/>\n<p><strong>REFER\u00caNCIAS<\/strong><\/p>\n<p>&nbsp;<\/p>\n<ol>\n<li>Yang Y, Yang M, Shen C, Wang F, Yuan J, Li J, et al. Evaluating the accuracy of different respiratory specimens in the laboratory diagnosis and monitoring the viral shedding of 2019-nCoV infections. medRxiv. 2020 Feb 17;2020.02.11.20021493.<\/li>\n<li>Wolfel R, Corman VM, Guggemos W, Seilmaier M, Zange S, Mueller MA, et al. Clinical presentation and virological assessment of hospitalized cases of coronavirus disease 2019 in a travel-associated transmission cluster [Internet]. Infectious Diseases (except HIV\/AIDS); 2020 Mar [cited 2020 Mar 20]. Available from: http:\/\/medrxiv.org\/lookup\/doi\/10.1101\/2020.03.05.20030502<\/li>\n<li>Ye B, Fan C, Pan Y, Ding R, Hu HX, Xiang ML. [Which sampling method for the upper respiratory tract specimen should be taken to\u00a0 diagnose patient with COVID-19?]. Zhonghua Er Bi Yan Hou Tou Jing Wai Ke Za Zhi. 2020 Mar 13;55(0):E003.<\/li>\n<li>Wang W, Xu Y, Gao R, Lu R, Han K, Wu G, et al. Detection of SARS-CoV-2 in Different Types of Clinical Specimens. JAMA [Internet]. 2020 Mar 11 [cited 2020 Mar 20]; Available from: http:\/\/jamanetwork.com\/journals\/jama\/fullarticle\/2762997<\/li>\n<li>Ai T, Yang Z, Hou H, Zhan C, Chen C, Lv W, et al. Correlation of chest CT and RT-PCR testing in coronavirus disease 2019 (COVID-19) in China: a report of 1014 cases. Radiology. 2020;200642.<\/li>\n<li>Zhuang GH, Shen MW, Zeng LX, Mi BB, Chen FY, Liu WJ, et al. [Potential false-positive rate among the \u2018asymptomatic infected individuals\u2019 in\u00a0 close contacts of COVID-19 patients]. Zhonghua Liu Xing Bing Xue Za Zhi Zhonghua Liuxingbingxue Zazhi. 2020 Mar 5;41(4):485\u20138.<\/li>\n<li>Chan JF-W, Yip CC-Y, To KK-W, Tang TH-C, Wong SC-Y, Leung K-H, et al. Improved molecular diagnosis of COVID-19 by the novel, highly sensitive and specific COVID-19-RdRp\/Hel real-time reverse transcription-polymerase chain reaction assay validated in vitro and with clinical specimens. J Clin Microbiol. 2020;<\/li>\n<li>Kim C, Ahmed JA, Eidex RB, Nyoka R, Waiboci LW, Erdman D, et al. Comparison of Nasopharyngeal and Oropharyngeal Swabs for the Diagnosis of Eight Respiratory Viruses by Real-Time Reverse Transcription-PCR Assays. PLoS ONE [Internet]. 2011 Jun 30 [cited 2020 Mar 25];6(6). Available from: https:\/\/www.ncbi.nlm.nih.gov\/pmc\/articles\/PMC3128075\/<\/li>\n<li>Lieberman D, Lieberman D, Shimoni A, Keren-Naus A, Steinberg R, Shemer-Avni Y. Identification of Respiratory Viruses in Adults: Nasopharyngeal versus Oropharyngeal Sampling. J Clin Microbiol. 2009 Nov 1;47(11):3439\u201343.<\/li>\n<li>Spencer S, Thompson MG, Flannery B, Fry A. Comparison of Respiratory Specimen Collection Methods for Detection of Influenza Virus Infection by Reverse Transcription-PCR: a Literature Review. J Clin Microbiol [Internet]. 2019 Aug 26 [cited 2020 Mar 25];57(9). Available from: https:\/\/www.ncbi.nlm.nih.gov\/pmc\/articles\/PMC6711916\/<\/li>\n<\/ol>\n<p>[\/vc_column_text][\/vc_column][\/vc_row]<\/p>\n<\/div>","protected":false},"excerpt":{"rendered":"<p>[vc_row][vc_column][vc_column_text]Tradutores: Regis Vieira, Enderson Miranda &nbsp; &nbsp; Catherine Carver, Nick Jones Edinburgh \/ Oxford Em nome da Equipe de Servi\u00e7o de Evid\u00eancia Oxford COVID-19 Centro de Medicina Baseada em Evid\u00eancias, Departamento Nuffield de Ci\u00eancias da Sa\u00fade Universidade de Oxford Correspond\u00eancia para\u00a0jamie.hartmann-boyce@phc.ox.ac.uk 26 de Mar\u00e7o de 2020 \u00a0 PARECER Os \u00fanicos dados espec\u00edficos atuais sobre COVID-19&hellip;<\/p>\n","protected":false},"author":1,"featured_media":0,"parent":0,"menu_order":0,"comment_status":"closed","ping_status":"closed","template":"","meta":{"footnotes":""},"class_list":["post-2680","page","type-page","status-publish","hentry","description-off"],"_links":{"self":[{"href":"https:\/\/oxfordbrazilebm.com\/index.php\/wp-json\/wp\/v2\/pages\/2680","targetHints":{"allow":["GET"]}}],"collection":[{"href":"https:\/\/oxfordbrazilebm.com\/index.php\/wp-json\/wp\/v2\/pages"}],"about":[{"href":"https:\/\/oxfordbrazilebm.com\/index.php\/wp-json\/wp\/v2\/types\/page"}],"author":[{"embeddable":true,"href":"https:\/\/oxfordbrazilebm.com\/index.php\/wp-json\/wp\/v2\/users\/1"}],"replies":[{"embeddable":true,"href":"https:\/\/oxfordbrazilebm.com\/index.php\/wp-json\/wp\/v2\/comments?post=2680"}],"version-history":[{"count":1,"href":"https:\/\/oxfordbrazilebm.com\/index.php\/wp-json\/wp\/v2\/pages\/2680\/revisions"}],"predecessor-version":[{"id":2681,"href":"https:\/\/oxfordbrazilebm.com\/index.php\/wp-json\/wp\/v2\/pages\/2680\/revisions\/2681"}],"wp:attachment":[{"href":"https:\/\/oxfordbrazilebm.com\/index.php\/wp-json\/wp\/v2\/media?parent=2680"}],"curies":[{"name":"wp","href":"https:\/\/api.w.org\/{rel}","templated":true}]}}