{"id":2291,"date":"2020-04-19T03:28:45","date_gmt":"2020-04-19T02:28:45","guid":{"rendered":"http:\/\/oxfordbrazilebm.com\/?page_id=2291"},"modified":"2020-04-19T03:28:45","modified_gmt":"2020-04-19T02:28:45","slug":"manejo-da-febre-em-adultos-com-covid-19-suspeita-ou-confirmada-no-cuidado-primario","status":"publish","type":"page","link":"https:\/\/oxfordbrazilebm.com\/index.php\/manejo-da-febre-em-adultos-com-covid-19-suspeita-ou-confirmada-no-cuidado-primario\/","title":{"rendered":"Manejo da febre em adultos com COVID-19 suspeita ou confirmada no cuidado prim\u00e1rio"},"content":{"rendered":"<div class=\"wpb-content-wrapper\"><p>[vc_row][vc_column][vc_column_text]Tradutores:\u00a0Carolina de Oliveira Cruz Latorraca, Ana Luiza C Martimbianco<\/p>\n<hr \/>\n<p>&nbsp;<\/p>\n<p style=\"text-align: justify;\"><strong>Parecer<\/strong><\/p>\n<p style=\"text-align: justify;\">As evid\u00eancias atuais n\u00e3o apoiam a administra\u00e7\u00e3o de antipir\u00e9ticos de rotina para tratar a febre em infec\u00e7\u00f5es respirat\u00f3rias agudas e COVID-19.<\/p>\n<p style=\"text-align: justify;\">Muitos protocolos e profissionais orientam os pacientes a se automedicarem para COVID-19 usando antipir\u00e9ticos (por exemplo, paracetamol e ibuprofeno). A r\u00e1pida e difundida compra de medica\u00e7\u00f5es antipir\u00e9ticas em excesso tem levado a escassez tempor\u00e1rias.<\/p>\n<p style=\"text-align: justify;\">O que \u00e9 febre?<\/p>\n<p style=\"text-align: justify;\">A febre \u00e9 um sintoma comum da COVID, influenza e, algumas vezes, outras infec\u00e7\u00f5es virais das vias a\u00e9reas superiores (IVAS). Relatos do padr\u00e3o dos sintomas do COVID sugerem que a febre \u00e9 mais comum em geral 5 dias ap\u00f3s a exposi\u00e7\u00e3o. A varia\u00e7\u00e3o da \u201ctemperatura normal\u201d depende do local da aferi\u00e7\u00e3o.<\/p>\n<p>&nbsp;<\/p>\n<table>\n<tbody>\n<tr>\n<td><\/td>\n<td><\/td>\n<td><\/td>\n<td><\/td>\n<td><\/td>\n<\/tr>\n<tr>\n<td>Local da aferi\u00e7\u00e3o<\/td>\n<td>Normal baixa<\/td>\n<td>Normal alta<\/td>\n<td>Febre aferida uma vez<\/td>\n<td>Febre aferida m\u00faltiplas vezes<\/td>\n<\/tr>\n<tr>\n<td>Axila<\/td>\n<td>35,5<\/td>\n<td>37,0<\/td>\n<td>&gt; 37,5<\/td>\n<td>\u2013<\/p>\n<p>&#8211;<\/td>\n<\/tr>\n<tr>\n<td>Oral<\/td>\n<td>35,6<\/td>\n<td>37,7<\/td>\n<td>&gt; 37,8<\/td>\n<td>&gt; 37,2<\/td>\n<\/tr>\n<tr>\n<td>Retal<\/td>\n<td>34,4<\/td>\n<td>37,8<\/td>\n<td>&gt; 38,0<\/td>\n<td>&gt; 37,5<\/td>\n<\/tr>\n<tr>\n<td>Timp\u00e2nica<\/td>\n<td>35,4<\/td>\n<td>37,8<\/td>\n<td>&gt; 38,0<\/td>\n<td>\u2013<\/p>\n<p>&#8211;<\/td>\n<\/tr>\n<tr>\n<td>Qualquer local<\/td>\n<td>\u2013<\/p>\n<p>&#8211;<\/td>\n<td>\u2013<\/p>\n<p>&#8211;<\/td>\n<td>\u2013<\/p>\n<p>&#8211;<\/td>\n<td>&gt; 1,1 acima da medida inicial<\/td>\n<\/tr>\n<\/tbody>\n<\/table>\n<p>&nbsp;<\/p>\n<p style=\"text-align: justify;\">Uma revis\u00e3o sobre a \u201ctemperatura normal do corpo em adultos\u201d incluindo estudos publicados entre 1935 a 1999, concluiu que a varia\u00e7\u00e3o da temperatura oral normal era 35,6C a 38,2C. A Sociedade Americana de Medicina Intensivista e Doen\u00e7as Contagiosas (The American College of Critical Care Medicine and Infectious Disease Society) define febre como uma temperatura central corporal maior ou igual a 38,3C. O NICE (National Institute for Clinical Excellence \/ Instituto Nacional para Sa\u00fade e Cuidados de Excel\u00eancia) considera que um beb\u00ea ou crian\u00e7a tem febre se a temperatura \u00e9 de 38C ou maior.<\/p>\n<p style=\"text-align: justify;\">Uma revis\u00e3o sistem\u00e1tica sobre a temperatura corporal normal mostrou que adultos idosos (idade maior ou igual a 60) tiveram uma temperatura mais baixa do que adultos mais jovens (idade menor a 60) em 0,23C, em m\u00e9dia.<\/p>\n<p style=\"text-align: justify;\">Quais s\u00e3o os benef\u00edcios da febre?<\/p>\n<p style=\"text-align: justify;\">A febre \u00e9 uma resposta complexa, fisiol\u00f3gica e adaptativa a uma infec\u00e7\u00e3o. A febre \u00e9 um sintoma, e n\u00e3o um diagn\u00f3stico. \u00c9 importante estabelecer a causa da febre em rela\u00e7\u00e3o \u00e0 condi\u00e7\u00e3o cl\u00ednica do paciente e seu padr\u00e3o de sintomas \u2013 lembre, alguns pacientes podem ter febre tanto com a COVID-19 quanto outras doen\u00e7as.<\/p>\n<ul style=\"text-align: justify;\">\n<li>A febre \u00e9 comum e um sinal de bom progn\u00f3stico em pacientes com infec\u00e7\u00e3o que pioram de forma aguda, associada a taxas maiores de sobreviv\u00eancia.<\/li>\n<\/ul>\n<ul style=\"text-align: justify;\">\n<li>Em um estudo observacional prospectivo (502 participantes) a febre inibiu a reprodu\u00e7\u00e3o microbial e a replica\u00e7\u00e3o viral, e tamb\u00e9m acelerou a taxa de fagocitose.<\/li>\n<\/ul>\n<ul style=\"text-align: justify;\">\n<li>Prote\u00ednas de choque t\u00e9rmico (presentes na febre) tamb\u00e9m parecem previnir o dano t\u00e9rmico \u00e0s c\u00e9lulas pela inibi\u00e7\u00e3o de caminhos de sinais pr\u00f3-inflamat\u00f3rios.<\/li>\n<\/ul>\n<ul style=\"text-align: justify;\">\n<li>A capacidade de um indiv\u00edduo de produzir resposta febril tem sido mostrada como um bom sinal progn\u00f3stico em pacientes cr\u00edticos (Lee 2012, Young 2012)<\/li>\n<\/ul>\n<p style=\"text-align: justify;\">Quais s\u00e3o as indica\u00e7\u00f5es para o uso do antipir\u00e9tico na COVID-19?<\/p>\n<p style=\"text-align: justify;\">Primeiro, pergunte-se \u201cqual sintoma eu quero tratar\u201d?<\/p>\n<p style=\"text-align: justify;\">Para a maioria dos adultos, n\u00e3o existem evid\u00eancias convincentes de que a febre por si s\u00f3 \u00e9 prejudicial e n\u00e3o requer supress\u00e3o imediata.<\/p>\n<p style=\"text-align: justify;\">Crian\u00e7as: Uma revis\u00e3o sistem\u00e1tica sobre o prolongamento de uma doen\u00e7a febril com o uso de antipir\u00e9ticos em crian\u00e7as que apresentam infec\u00e7\u00f5es agudas, sugere que antipir\u00e9ticos n\u00e3o retardam a recupera\u00e7\u00e3o de doen\u00e7as infecciosas. Seis estudos foram inclu\u00eddos nesta revis\u00e3o.<\/p>\n<p style=\"text-align: justify;\">Tr\u00eas estudos inclu\u00edram crian\u00e7as com mal\u00e1ria e tr\u00eas consideraram infec\u00e7\u00f5es gerais virais e respirat\u00f3rias e varicela. A diferen\u00e7a m\u00e9dia no tempo de melhora da febre foi de 4 horas e foi mais r\u00e1pido naqueles que receberam antipir\u00e9ticos quando comparados \u00e0queles que n\u00e3o receberam (IC (Intervalo de Confian\u00e7a) 95% -6,35 a -1,96 horas; P = 0,0002).<\/p>\n<p style=\"text-align: justify;\">Por\u00e9m, baseado em extrapola\u00e7\u00f5es de estudos sobre o uso do paracetamol ap\u00f3s a vacina\u00e7\u00e3o que mostraram redu\u00e7\u00e3o da resposta de anticorpos a alguns ant\u00edgenos, (Prymula 2009), eles defendem evitar o uso de antipir\u00e9ticos no in\u00edcio das infec\u00e7\u00f5es.<\/p>\n<p style=\"text-align: justify;\">Apesar das febres das crian\u00e7as poderem ser controladas com antipir\u00e9ticos (Wong 2014), v\u00e1rios ensaios cl\u00ednicos randomizados t\u00eam mostrado que n\u00e3o existem evid\u00eancias de que a administra\u00e7\u00e3o de antipir\u00e9ticos reduz a incid\u00eancia de convuls\u00f5es em crian\u00e7as suscet\u00edveis (Offringa and Newton 2013).<\/p>\n<p style=\"text-align: justify;\">Gravidez: n\u00e3o \u00e9 a popula\u00e7\u00e3o pesquisada especificamente neste documento. Veja aqui<\/p>\n<p style=\"text-align: justify;\">Idosos, ou pacientes com comorbidades: esse grupo tem sido visto como o mais suscet\u00edvel \u00e0s complica\u00e7\u00f5es do COVID-19. Os idosos podem ter atenuado as respostas febris durante a infec\u00e7\u00e3o severa (Hammond and Boyle 2011), o que pode indicar uma resposta imune menos robusta.<\/p>\n<p style=\"text-align: justify;\">Esse grupo tamb\u00e9m pode ser mais vulner\u00e1vel ao aumento das demandas fisiol\u00f3gicas durante a febre (Carey 2010, Launey 2011). Medica\u00e7\u00f5es antipir\u00e9ticas em pacientes cr\u00edticos com reservas cardiopulmonares limitadas podem reduzir o risco de instabilidade hemodin\u00e2mica e dano ao tecido causado por hip\u00f3xia.<\/p>\n<p style=\"text-align: justify;\">Medica\u00e7\u00f5es para febre<\/p>\n<p style=\"text-align: justify;\">Paracetamol<\/p>\n<p style=\"text-align: justify;\">A maioria dos estudos sobre o paracetamol relatam menores temperaturas corporais, por\u00e9m, as redu\u00e7\u00f5es s\u00e3o modestas.<\/p>\n<p style=\"text-align: justify;\">Cuidados do NICE BNF (National Institute for Clinical Excellence \/ Instituto Nacional para Sa\u00fade e Cuidados de Excel\u00eancia) (British National Formulary \/ Formul\u00e1rio Nacional Brit\u00e2nico)<\/p>\n<p style=\"text-align: justify;\">Antes de administrar, cheque quando o paracetamol foi administrado pela \u00faltima vez e a dose cumulativa de paracetamol nas \u00faltimas 24 horas; peso corporal abaixo de 50 quilos; consumo cr\u00f4nico de \u00e1lcool; desidrata\u00e7\u00e3o cr\u00f4nica; desnutri\u00e7\u00e3o cr\u00f4nica; insufici\u00eancia hepatocelular; uso a longo prazo (especialmente naqueles que s\u00e3o desnutridos).<\/p>\n<p style=\"text-align: justify;\">Alguns pacientes podem ter risco aumentado de toxicidade em doses terap\u00eauticas, particularmente aqueles com peso abaixo de 50 kg e aqueles com fatores de risco para hepatotoxicidade. O julgamento cl\u00ednico deveria ser usado para ajustar a dose do paracetamol oral e intravenoso nesses pacientes.<\/p>\n<p style=\"text-align: justify;\">A co-administra\u00e7\u00e3o de medicamentos antiepil\u00e9ticos indutores de enzimas podem aumentar a toxicidade; doses devem ser reduzidas. Para detalhes espec\u00edficos sobre o manejo de envenenamento (intoxica\u00e7\u00e3o), veja Paracetamol, em Tratamento emergencial de envenenamento.<\/p>\n<p style=\"text-align: justify;\">AINEs (Anti-Inflamat\u00f3rios N\u00e3o Esteroidais)<\/p>\n<p style=\"text-align: justify;\">O Ibuprofeno tem mostrado redu\u00e7\u00e3o da febre, taquicardia e consumo de oxig\u00eanio, mas n\u00e3o previne o choque ou a s\u00edndrome respirat\u00f3ria aguda grave, e n\u00e3o aumenta a sobrevida.<\/p>\n<p style=\"text-align: justify;\">Em um ensaio cl\u00ednico randomizado (ECR) sobre ibuprofeno intravenoso em 455 pacientes que tiveram sepse (definida como febre, taquicardia, taquipneia, e fal\u00eancia aguda de pelo menos um sistema de \u00f3rg\u00e3os), houve redu\u00e7\u00e3o da temperatura, frequ\u00eancia card\u00edaca, consumo de oxig\u00eanio e acidose l\u00e1tica. A sobrevida em 30 dias (37% com ibuprofeno comparado com 40% com placebo).<\/p>\n<p style=\"text-align: justify;\">Em um ECR sobre ibuprofeno, paracetamol e inala\u00e7\u00e3o para pacientes com IRA (Infec\u00e7\u00e3o Respirat\u00f3ria Aguda) no cuidado prim\u00e1rio, mostrou que enquanto crian\u00e7as e pacientes com infec\u00e7\u00f5es respirat\u00f3rias tiveram algum al\u00edvio de sintoma com apenas ibuprofeno, a maioria dos pacientes n\u00e3o obteve benef\u00edcios quando orientados a usar apenas ibuprofeno; 889 pacientes foram randomizados para o grupo analgesia (tomar paracetamol, ibuprofeno ou ambos), dosagem da analgesia (uso se necess\u00e1rio <em>versus<\/em> regularmente), e inala\u00e7\u00e3o (sem inala\u00e7\u00e3o ou com inala\u00e7\u00e3o de vapor). Os resultados principais s\u00e3o:<\/p>\n<ul style=\"text-align: justify;\">\n<li>A orienta\u00e7\u00e3o para dose ou inala\u00e7\u00e3o com vapor n\u00e3o afetou os desfechos.<\/li>\n<\/ul>\n<ul style=\"text-align: justify;\">\n<li>Comparado com paracetamol, os sintomas n\u00e3o foram significativamente diferentes do ibuprofeno ou da combina\u00e7\u00e3o de ibuprofeno e paracetamol (0,11, -0,04 a 0,26).<\/li>\n<\/ul>\n<ul style=\"text-align: justify;\">\n<li>N\u00e3o houve evid\u00eancia de benef\u00edcio com ibuprofeno entre a maioria dos subgrupos (presen\u00e7a de dor de ouvido; dura\u00e7\u00e3o pr\u00e9via dos sintomas; temperatura &gt; 37,5C; sintomas severos)<\/li>\n<\/ul>\n<ul style=\"text-align: justify;\">\n<li>No subgrupo com infec\u00e7\u00e3o respirat\u00f3ria, o equivalente a um em cada dois sintomas foi classificado como um pouco, e n\u00e3o um problema moderadamente ruim.<\/li>\n<\/ul>\n<ul style=\"text-align: justify;\">\n<li>Consultas posteriores com sintomas novos ou n\u00e3o resolvidos ou complica\u00e7\u00f5es foram levemente maiores nos pacientes com ibuprofeno 20% versus 12% com paracetamol (Rela\u00e7\u00e3o de Risco Ajustada 1,67, 1,12 a 2,38).<\/li>\n<\/ul>\n<ul style=\"text-align: justify;\">\n<li>Queimadura moderada na inala\u00e7\u00e3o com vapor foi documentada em quatro pacientes (2%).<\/li>\n<\/ul>\n<p style=\"text-align: justify;\">Em combina\u00e7\u00e3o com paracetamol; ou uso de um esquema regular. Um ECR com 464 crian\u00e7as analisou o uso do paracetamol, ibuprofeno e regimes combinados em crian\u00e7as de 6 a 36 meses com febre.<\/p>\n<p style=\"text-align: justify;\">Crian\u00e7as que receberam ibuprofeno e acetaminofeno alternados tiveram temperatura m\u00e9dia mais baixa e redu\u00e7\u00e3o mais r\u00e1pida da febre. Nenhum esquema foi associado a visitas a servi\u00e7os de emerg\u00eancia ou complica\u00e7\u00f5es s\u00e9rias no longo prazo.<\/p>\n<p style=\"text-align: justify;\">Veja: AINEs para Infec\u00e7\u00e3o Respirat\u00f3ria Aguda para outras orienta\u00e7\u00f5es<\/p>\n<p style=\"text-align: justify;\">Declara\u00e7\u00e3o: este artigo n\u00e3o foi revisado por pares; ele n\u00e3o deve substituir o julgamento cl\u00ednico individual e as fontes citadas devem ser checadas. As opini\u00f5es expressadas nesse coment\u00e1rio representam as vis\u00f5es dos autores e n\u00e3o necessariamente da institui\u00e7\u00e3o que fazem parte, do NHS, do NIHR ou do Departamento de Sa\u00fade. As opini\u00f5es n\u00e3o substituem da orienta\u00e7\u00e3o m\u00e9dica profissional.<\/p>\n<p>&nbsp;<\/p>\n<hr \/>\n<p>Fontes: &#8211;<\/p>\n<p>Link para o original: <a href=\"https:\/\/www.cebm.net\/covid-19\/managing-fever-in-adults-with-possible-or-confirmed-covid-19-in-primary-care\/\">https:\/\/www.cebm.net\/covid-19\/managing-fever-in-adults-with-possible-or-confirmed-covid-19-in-primary-care\/<\/a><\/p>\n<p>[\/vc_column_text][\/vc_column][\/vc_row]<\/p>\n<\/div>","protected":false},"excerpt":{"rendered":"<p>[vc_row][vc_column][vc_column_text]Tradutores:\u00a0Carolina de Oliveira Cruz Latorraca, Ana Luiza C Martimbianco &nbsp; Parecer As evid\u00eancias atuais n\u00e3o apoiam a administra\u00e7\u00e3o de antipir\u00e9ticos de rotina para tratar a febre em infec\u00e7\u00f5es respirat\u00f3rias agudas e COVID-19. Muitos protocolos e profissionais orientam os pacientes a se automedicarem para COVID-19 usando antipir\u00e9ticos (por exemplo, paracetamol e ibuprofeno). A r\u00e1pida e difundida&hellip;<\/p>\n","protected":false},"author":1,"featured_media":0,"parent":0,"menu_order":0,"comment_status":"closed","ping_status":"closed","template":"","meta":{"footnotes":""},"class_list":["post-2291","page","type-page","status-publish","hentry","description-off"],"_links":{"self":[{"href":"https:\/\/oxfordbrazilebm.com\/index.php\/wp-json\/wp\/v2\/pages\/2291","targetHints":{"allow":["GET"]}}],"collection":[{"href":"https:\/\/oxfordbrazilebm.com\/index.php\/wp-json\/wp\/v2\/pages"}],"about":[{"href":"https:\/\/oxfordbrazilebm.com\/index.php\/wp-json\/wp\/v2\/types\/page"}],"author":[{"embeddable":true,"href":"https:\/\/oxfordbrazilebm.com\/index.php\/wp-json\/wp\/v2\/users\/1"}],"replies":[{"embeddable":true,"href":"https:\/\/oxfordbrazilebm.com\/index.php\/wp-json\/wp\/v2\/comments?post=2291"}],"version-history":[{"count":1,"href":"https:\/\/oxfordbrazilebm.com\/index.php\/wp-json\/wp\/v2\/pages\/2291\/revisions"}],"predecessor-version":[{"id":2292,"href":"https:\/\/oxfordbrazilebm.com\/index.php\/wp-json\/wp\/v2\/pages\/2291\/revisions\/2292"}],"wp:attachment":[{"href":"https:\/\/oxfordbrazilebm.com\/index.php\/wp-json\/wp\/v2\/media?parent=2291"}],"curies":[{"name":"wp","href":"https:\/\/api.w.org\/{rel}","templated":true}]}}