{"id":1555,"date":"2020-01-25T20:01:16","date_gmt":"2020-01-25T20:01:16","guid":{"rendered":"http:\/\/oxfordbrazilebm.com\/?page_id=1555"},"modified":"2020-01-25T20:01:16","modified_gmt":"2020-01-25T20:01:16","slug":"como-pesquisar-a-literatura-biomedica","status":"publish","type":"page","link":"https:\/\/oxfordbrazilebm.com\/index.php\/como-pesquisar-a-literatura-biomedica\/","title":{"rendered":"COMO PESQUISAR A LITERATURA BIOM\u00c9DICA"},"content":{"rendered":"<div class=\"wpb-content-wrapper\"><p>[vc_row][vc_column][vc_column_text]<strong>Introdu\u00e7\u00e3o:<\/strong> curso de treinamento pr\u00e1tico que visa capacitar alunos e profissionais de sa\u00fade nas habilidades necess\u00e1rias para uma busca eficaz em bases de dados de literatura de sa\u00fade.<br \/>\n<strong>Objetivos: <\/strong>capacitar profissionais a utilizar bases de dados da sa\u00fade com diferentes objetivos.<br \/>\n<strong>P\u00fablico-alvo: <\/strong>profissionais e estudantes da \u00e1rea da sa\u00fade.<br \/>\n<strong>Dura\u00e7\u00e3o: <\/strong>dispon\u00edvel como curso de imers\u00e3o (intensivo) ou estendido.<br \/>\n<strong>Carga hor\u00e1ria: <\/strong>vari\u00e1vel de acordo com a modalidade da dura\u00e7\u00e3o.<br \/>\n<strong>Informa\u00e7\u00f5es: <\/strong>oxfordbrazilebm@gmail.com[\/vc_column_text][\/vc_column][\/vc_row]<\/p>\n<\/div>","protected":false},"excerpt":{"rendered":"<p>[vc_row][vc_column][vc_column_text]Introdu\u00e7\u00e3o: curso de treinamento pr\u00e1tico que visa capacitar alunos e profissionais de sa\u00fade nas habilidades necess\u00e1rias para uma busca eficaz em bases de dados de literatura de sa\u00fade. Objetivos: capacitar profissionais a utilizar bases de dados da sa\u00fade com diferentes objetivos. P\u00fablico-alvo: profissionais e estudantes da \u00e1rea da sa\u00fade. Dura\u00e7\u00e3o: dispon\u00edvel como curso de imers\u00e3o&hellip;<\/p>\n","protected":false},"author":1,"featured_media":0,"parent":0,"menu_order":0,"comment_status":"closed","ping_status":"closed","template":"","meta":{"footnotes":""},"class_list":["post-1555","page","type-page","status-publish","hentry","description-off"],"_links":{"self":[{"href":"https:\/\/oxfordbrazilebm.com\/index.php\/wp-json\/wp\/v2\/pages\/1555","targetHints":{"allow":["GET"]}}],"collection":[{"href":"https:\/\/oxfordbrazilebm.com\/index.php\/wp-json\/wp\/v2\/pages"}],"about":[{"href":"https:\/\/oxfordbrazilebm.com\/index.php\/wp-json\/wp\/v2\/types\/page"}],"author":[{"embeddable":true,"href":"https:\/\/oxfordbrazilebm.com\/index.php\/wp-json\/wp\/v2\/users\/1"}],"replies":[{"embeddable":true,"href":"https:\/\/oxfordbrazilebm.com\/index.php\/wp-json\/wp\/v2\/comments?post=1555"}],"version-history":[{"count":2,"href":"https:\/\/oxfordbrazilebm.com\/index.php\/wp-json\/wp\/v2\/pages\/1555\/revisions"}],"predecessor-version":[{"id":1557,"href":"https:\/\/oxfordbrazilebm.com\/index.php\/wp-json\/wp\/v2\/pages\/1555\/revisions\/1557"}],"wp:attachment":[{"href":"https:\/\/oxfordbrazilebm.com\/index.php\/wp-json\/wp\/v2\/media?parent=1555"}],"curies":[{"name":"wp","href":"https:\/\/api.w.org\/{rel}","templated":true}]}}