{"id":1347,"date":"2019-11-09T23:05:58","date_gmt":"2019-11-09T23:05:58","guid":{"rendered":"http:\/\/oxfordbrazilebm.com\/?page_id=1347"},"modified":"2019-11-09T23:43:34","modified_gmt":"2019-11-09T23:43:34","slug":"vies-de-confirmacao","status":"publish","type":"page","link":"https:\/\/oxfordbrazilebm.com\/index.php\/vies-de-confirmacao\/","title":{"rendered":"Vi\u00e9s de confirma\u00e7\u00e3o"},"content":{"rendered":"<div class=\"wpb-content-wrapper\"><p>[vc_row bg_type=&#8221;bg_color&#8221; css=&#8221;.vc_custom_1572747881603{padding-top: 10px !important;padding-bottom: 10px !important;}&#8221; bg_color_value=&#8221;#f7f7f7&#8243;][vc_column width=&#8221;1\/3&#8243;][vc_column_text]<b>Nome original do vi\u00e9s: <\/b>Confirmation bias[\/vc_column_text][\/vc_column][vc_column width=&#8221;1\/3&#8243;][vc_column_text]<strong>Tradutor: <\/strong>Ana Luiza Cabrera Martimbianco<\/p>\n<p><strong>Primeiro revisor: <\/strong>Rafael Leite Pacheco<\/p>\n<p><strong>Segundo revisor: <\/strong>Rachel Riera[\/vc_column_text][\/vc_column][\/vc_row][vc_row][vc_column]<div class=\"ult-spacer spacer-69f0c0c529cf4\" data-id=\"69f0c0c529cf4\" data-height=\"30\" data-height-mobile=\"30\" data-height-tab=\"30\" data-height-tab-portrait=\"\" data-height-mobile-landscape=\"\" style=\"clear:both;display:block;\"><\/div>[vc_separator]<div class=\"ult-spacer spacer-69f0c0c529d28\" data-id=\"69f0c0c529d28\" data-height=\"30\" data-height-mobile=\"30\" data-height-tab=\"30\" data-height-tab-portrait=\"\" data-height-mobile-landscape=\"\" style=\"clear:both;display:block;\"><\/div>[\/vc_column][\/vc_row][vc_row][vc_column][vc_column_text]<\/p>\n<p style=\"text-align: justify;\">A busca e o uso de informa\u00e7\u00f5es para apoiar as ideias de um indiv\u00edduo, cren\u00e7as ou hip\u00f3teses.<\/p>\n<p style=\"text-align: justify;\">\n<p style=\"text-align: justify;\"><strong>Introdu\u00e7\u00e3o<\/strong><\/p>\n<p style=\"text-align: justify;\">O vi\u00e9s de confirma\u00e7\u00e3o ocorre quando um indiv\u00edduo procura e usa as informa\u00e7\u00f5es para apoiar suas pr\u00f3prias ideias ou cren\u00e7as. Isso tamb\u00e9m significa que as informa\u00e7\u00f5es que n\u00e3o apoiarem suas ideias ou cren\u00e7as s\u00e3o desconsideradas.<\/p>\n<p style=\"text-align: justify;\">O vi\u00e9s de confirma\u00e7\u00e3o geralmente ocorre quando queremos que certas ideias sejam verdadeiras. Isso leva as pessoas a pararem de coletar informa\u00e7\u00f5es quando as evid\u00eancias encontradas confirmam seus pr\u00f3prios pontos de vista, o que pode levar a ideias preconcebidas que n\u00e3o s\u00e3o baseadas na raz\u00e3o ou no conhecimento real. Os indiv\u00edduos ent\u00e3o selecionam partes da informa\u00e7\u00e3o que confirmam seus conceitos pr\u00e9vios.<\/p>\n<p style=\"text-align: justify;\">O vi\u00e9s de confirma\u00e7\u00e3o tem uma longa hist\u00f3ria. Em 1620, Francis Bacon o descreveu como: \u2018<em>Uma vez que o entendimento de um homem se baseia em algo (seja porque \u00e9 uma cren\u00e7a j\u00e1 aceita ou porque o agrada), isso atrai tudo a sua volta para apoiar e concordar com a opini\u00e3o adotada. Mesmo que um n\u00famero maior de evid\u00eancias contr\u00e1rias seja encontrado, ele as ignora ou desconsidera, ou faz distin\u00e7\u00f5es sutis para rejeit\u00e1-las, preservando a autoridade imparcial de suas primeiras concep\u00e7\u00f5es\u2019 <\/em>(Bacon 1620).<\/p>\n<p style=\"text-align: justify;\">\n<p style=\"text-align: justify;\"><strong>Exemplo<\/strong><\/p>\n<p style=\"text-align: justify;\">Em 2015, o ex-presidente da <em>National Lipid Association<\/em> defendeu o uso de estatinas para idosos (Toth 2015). Ele citou um ensaio cl\u00ednico randomizado (ECR) de terapia com estatina (estudo PROSPER), que relatou uma redu\u00e7\u00e3o dos eventos cardiovasculares em idosos. No entanto, ele ignorou o outro ECR publicado sobre estatinas em pacientes mais velhos (estudo CORONA), que n\u00e3o relatou nenhuma redu\u00e7\u00e3o significativa nos eventos cardiovasculares (Dubroff 2017).<\/p>\n<p style=\"text-align: justify;\">Mendel e colaboradores investigaram se o vi\u00e9s de confirma\u00e7\u00e3o entre m\u00e9dicos e estudantes de medicina leva a uma baixa precis\u00e3o diagn\u00f3stica. Ele descobriu que 13% dos psiquiatras e 25% dos estudantes apresentavam vi\u00e9s de confirma\u00e7\u00e3o quando procuravam por novas informa\u00e7\u00f5es ap\u00f3s terem feito um diagn\u00f3stico preliminar. Esses participantes foram significativamente menos propensos a fazer o diagn\u00f3stico correto.<\/p>\n<p style=\"text-align: justify;\">\n<p style=\"text-align: justify;\"><strong>Impacto<\/strong><\/p>\n<p style=\"text-align: justify;\">O impacto do vi\u00e9s de confirma\u00e7\u00e3o pode ocorrer desde o n\u00edvel individual at\u00e9 o n\u00edvel instituicional. DuBroff mostrou que o vi\u00e9s de confirma\u00e7\u00e3o influenciou as diretrizes de especialistas em colesterol e foi altamente prevalente quando conflitos de interesses estavam presentes (DuBroff, 2017). Ele descobriu que o vi\u00e9s de confirma\u00e7\u00e3o ocorreu devido a uma falha na incorpora\u00e7\u00e3o das evid\u00eancias, ou pela interpreta\u00e7\u00e3o err\u00f4nea das evid\u00eancias, as quais tinham o potencial de distorcer as recomenda\u00e7\u00f5es das diretrizes.<\/p>\n<p style=\"text-align: justify;\">\n<p style=\"text-align: justify;\"><strong>Tabela 1<\/strong>. Exemplos de vi\u00e9s de confirma\u00e7\u00e3o e conflito de interesse<\/p>\n<table width=\"0\">\n<tbody>\n<tr>\n<td width=\"69\"><strong>Fonte<\/strong><\/td>\n<td width=\"209\"><strong>Tipo de publica\u00e7\u00e3o<\/strong><\/td>\n<td width=\"90\"><strong>Conflito de interesse<\/strong><\/td>\n<td width=\"234\"><strong>Vi\u00e9s de confirma\u00e7\u00e3o<\/strong><\/td>\n<\/tr>\n<tr>\n<td width=\"69\">ACC\/AHA<\/td>\n<td width=\"209\">2013 \u2013 Diretrizes sobre colesterol<\/td>\n<td width=\"90\">Sim<\/td>\n<td width=\"234\">Falha ao incorporar evid\u00eancias contradit\u00f3rias<\/td>\n<\/tr>\n<tr>\n<td width=\"69\">ACC\/AHA<\/td>\n<td width=\"209\">2014 -Diretrizes sobre s\u00edndrome coronariana aguda sem eleva\u00e7\u00e3o do segmento ST<\/td>\n<td width=\"90\">Sim<\/td>\n<td width=\"234\">Interpreta\u00e7\u00e3o err\u00f4nea das evid\u00eancias<\/td>\n<\/tr>\n<tr>\n<td width=\"69\">NLA<\/td>\n<td width=\"209\">2015 \u2013 Relat\u00f3rio da For\u00e7a-tarefa sobre seguran\u00e7a da estatina para diabetes<\/td>\n<td width=\"90\">Sim<\/td>\n<td width=\"234\">Falha ao incorporar evid\u00eancias contradit\u00f3rias<\/td>\n<\/tr>\n<tr>\n<td width=\"69\">JACC<\/td>\n<td width=\"209\">2015 &#8211; Editorial: Tratamento da dislipidemia em idosos com doen\u00e7a card\u00edaca cr\u00f4nica<\/td>\n<td width=\"90\">Sim<\/td>\n<td width=\"234\">Falha ao incorporar evid\u00eancias contradit\u00f3rias<\/td>\n<\/tr>\n<tr>\n<td width=\"69\">NEJM<\/td>\n<td width=\"209\">2015 &#8211; Editorial: A prova de que menor \u00e9 melhor &#8211; colesterol LDL (estudo IMPROVE-IT)<\/td>\n<td width=\"90\">N\u00e3o<\/td>\n<td width=\"234\">Falha ao incorporar evid\u00eancias contradit\u00f3rias<\/td>\n<\/tr>\n<tr>\n<td width=\"69\">ADA<\/td>\n<td width=\"209\">2016 &#8211; Cuidados m\u00e9dicos padronizados em diabetes.<\/td>\n<td width=\"90\">Sim<\/td>\n<td width=\"234\">\n<p>Falha ao incorporar evid\u00eancias contradit\u00f3rias<\/p>\n<p>Interpreta\u00e7\u00e3o err\u00f4nea das evid\u00eancias<\/td>\n<\/tr>\n<\/tbody>\n<\/table>\n<p style=\"text-align: justify;\"><em>ACC\/AHA: American College of Cardiology\/American Heart Association; NLA: Natiional Lipid Association; JACC: Journal of the American College of Cardiology; NEJM: New England Journal of Medicine; ADA: American Diabetes Association.<\/em><\/p>\n<p style=\"text-align: justify;\">\n<p style=\"text-align: justify;\"><strong>Passos para preven\u00e7\u00e3o<\/strong><\/p>\n<p style=\"text-align: justify;\">Os m\u00e9todos para evitar o vi\u00e9s de confirma\u00e7\u00e3o incluem protocolos rigorosos para buscar e relatar informa\u00e7\u00f5es relevantes. Ao contr\u00e1rio das revis\u00f5es de literatura, as revis\u00f5es sistem\u00e1ticas buscam, avaliam e, quando apropriado, resumem os resultados de TODAS as evid\u00eancias relevantes dispon\u00edveis sobre uma quest\u00e3o cl\u00ednica espec\u00edfica. Seguir um protocolo para conduzir as buscas na literatura e especificar previamente os crit\u00e9rios de inclus\u00e3o e exclus\u00e3o podem evitar o vi\u00e9s de confirma\u00e7\u00e3o.<\/p>\n<p style=\"text-align: justify;\">A revis\u00e3o editorial de artigos submetidos para publica\u00e7\u00e3o deve considerar se os autores foram tendenciosos em sua inclus\u00e3o ou no relato de informa\u00e7\u00f5es relevantes do seu estudo (de qualquer tipo). Al\u00e9m disso, levar em considera\u00e7\u00e3o os conflitos de interesse \u00e9 importante para evitar o vi\u00e9s de confirma\u00e7\u00e3o.<\/p>\n<p>[\/vc_column_text][\/vc_column][\/vc_row][vc_row][vc_column]<div class=\"ult-spacer spacer-69f0c0c529d42\" data-id=\"69f0c0c529d42\" data-height=\"30\" data-height-mobile=\"30\" data-height-tab=\"30\" data-height-tab-portrait=\"\" data-height-mobile-landscape=\"\" style=\"clear:both;display:block;\"><\/div>[vc_separator]<div class=\"ult-spacer spacer-69f0c0c529d5b\" data-id=\"69f0c0c529d5b\" data-height=\"30\" data-height-mobile=\"30\" data-height-tab=\"30\" data-height-tab-portrait=\"\" data-height-mobile-landscape=\"\" style=\"clear:both;display:block;\"><\/div>[\/vc_column][\/vc_row][vc_row bg_type=&#8221;bg_color&#8221; bg_color_value=&#8221;#f7f7f7&#8243; css=&#8221;.vc_custom_1572747847655{padding-top: 20px !important;padding-bottom: 20px !important;}&#8221;][vc_column][vc_column_text]<strong>Link para o <\/strong>texto<strong> original<\/strong>: https:\/\/catalogofbias.org\/biases\/confirmation-bias\/<\/p>\n<p><strong>Deve ser citado como<\/strong>:<br \/>\nCatalogue of Bias Collaboration. Spencer EA, Heneghan C. Confirmation bias. In: Catalogue Of Bias 2018. www.catalogueofbiases.org\/biases\/confirmationbias.<\/p>\n<p><strong>Fontes<\/strong><br \/>\nBacon F. Novum Organum. New Organon, 1620 Book 1, XLVI<br \/>\nDuBroff R. Confirmation bias, conflicts of interest, and cholesterol guidance. Can we trust expert opinions? QJM. 2017 Nov 2. doi: 10.1093\/qjmed\/hcx213<br \/>\nMendel R, et al. Bias: why psychiatrists stick to wrong preliminary diagnoses. Psychol Med. 2011 Dec;41(12):2651-9. doi: 10.1017\/S0033291711000808<br \/>\nToth PP. Treatment of dyslipidemia in elderly patients with coronary heart disease. J Am Coll Cardiol 2015; 66:1873\u20135<\/p>\n<p>Os seguintes recursos podem ser recuperados dinamicamente pelo PubMed:<br \/>\nSchweiger S, Cress U. How Confidence in Prior Attitudes, Social Tag Popularity, and Source Credibility Shape Confirmation Bias Toward Antidepressants and Psychotherapy in a Representative German Sample: Randomized Controlled Web-Based Study.[\/vc_column_text][\/vc_column][\/vc_row]<\/p>\n<\/div>","protected":false},"excerpt":{"rendered":"<p>[vc_row bg_type=&#8221;bg_color&#8221; css=&#8221;.vc_custom_1572747881603{padding-top: 10px !important;padding-bottom: 10px !important;}&#8221; bg_color_value=&#8221;#f7f7f7&#8243;][vc_column width=&#8221;1\/3&#8243;][vc_column_text]Nome original do vi\u00e9s: Confirmation bias[\/vc_column_text][\/vc_column][vc_column width=&#8221;1\/3&#8243;][vc_column_text]Tradutor: Ana Luiza Cabrera Martimbianco Primeiro revisor: Rafael Leite Pacheco Segundo revisor: Rachel Riera[\/vc_column_text][\/vc_column][\/vc_row][vc_row][vc_column][vc_separator][\/vc_column][\/vc_row][vc_row][vc_column][vc_column_text] A busca e o uso de informa\u00e7\u00f5es para apoiar as ideias de um indiv\u00edduo, cren\u00e7as ou hip\u00f3teses. Introdu\u00e7\u00e3o O vi\u00e9s de confirma\u00e7\u00e3o ocorre quando um indiv\u00edduo procura&hellip;<\/p>\n","protected":false},"author":1,"featured_media":0,"parent":0,"menu_order":0,"comment_status":"closed","ping_status":"closed","template":"","meta":{"footnotes":""},"class_list":["post-1347","page","type-page","status-publish","hentry","description-off"],"_links":{"self":[{"href":"https:\/\/oxfordbrazilebm.com\/index.php\/wp-json\/wp\/v2\/pages\/1347","targetHints":{"allow":["GET"]}}],"collection":[{"href":"https:\/\/oxfordbrazilebm.com\/index.php\/wp-json\/wp\/v2\/pages"}],"about":[{"href":"https:\/\/oxfordbrazilebm.com\/index.php\/wp-json\/wp\/v2\/types\/page"}],"author":[{"embeddable":true,"href":"https:\/\/oxfordbrazilebm.com\/index.php\/wp-json\/wp\/v2\/users\/1"}],"replies":[{"embeddable":true,"href":"https:\/\/oxfordbrazilebm.com\/index.php\/wp-json\/wp\/v2\/comments?post=1347"}],"version-history":[{"count":2,"href":"https:\/\/oxfordbrazilebm.com\/index.php\/wp-json\/wp\/v2\/pages\/1347\/revisions"}],"predecessor-version":[{"id":1373,"href":"https:\/\/oxfordbrazilebm.com\/index.php\/wp-json\/wp\/v2\/pages\/1347\/revisions\/1373"}],"wp:attachment":[{"href":"https:\/\/oxfordbrazilebm.com\/index.php\/wp-json\/wp\/v2\/media?parent=1347"}],"curies":[{"name":"wp","href":"https:\/\/api.w.org\/{rel}","templated":true}]}}