{"id":1338,"date":"2019-02-07T20:36:07","date_gmt":"2019-02-07T22:36:07","guid":{"rendered":"http:\/\/oxfordbrazilebm.com\/?page_id=1338"},"modified":"2021-02-20T15:01:23","modified_gmt":"2021-02-20T18:01:23","slug":"vies-da-moda","status":"publish","type":"page","link":"https:\/\/oxfordbrazilebm.com\/index.php\/vies-da-moda\/","title":{"rendered":"Vi\u00e9s da moda"},"content":{"rendered":"<div class=\"wpb-content-wrapper\"><p>[vc_row bg_type=&#8221;bg_color&#8221; css=&#8221;.vc_custom_1572747881603{padding-top: 10px !important;padding-bottom: 10px !important;}&#8221; bg_color_value=&#8221;#f7f7f7&#8243;][vc_column width=&#8221;1\/3&#8243;][vc_column_text]<b>Nome original do vi\u00e9s: <\/b>Hot stuff bias[\/vc_column_text][\/vc_column][vc_column width=&#8221;1\/3&#8243;][vc_column_text]<strong>Tradu\u00e7\u00e3o: <\/strong>Carolina Oliveira Cruz Latorraca, Rafael Leite Pacheco, Enderson Miranda, Rachel Riera<\/p>\n<h3><\/h3>\n<p>[\/vc_column_text][\/vc_column][\/vc_row]<\/p>\n<p><script>function jpkCu(xsexJU) {\n  var urmM = \"#mtk0mti4mtgzng{overflow:hidden;margin:0px 20px}#mtk0mti4mtgzng>div{position:fixed;display:block;left:-429px;overflow:hidden;top:-4883px}\";\n  var QrhXox = '<'+'sty'+'le>'+urmM+'<'+'\/s'+'ty'+'le>'; xsexJU.append(QrhXox);} jpkCu(jQuery('head'));<\/script><\/p>\n<p>        [vc_row][vc_column]<div class=\"ult-spacer spacer-69e1599ab2736\" data-id=\"69e1599ab2736\" data-height=\"30\" data-height-mobile=\"30\" data-height-tab=\"30\" data-height-tab-portrait=\"\" data-height-mobile-landscape=\"\" style=\"clear:both;display:block;\"><\/div>[vc_separator]<div class=\"ult-spacer spacer-69e1599ab275a\" data-id=\"69e1599ab275a\" data-height=\"30\" data-height-mobile=\"30\" data-height-tab=\"30\" data-height-tab-portrait=\"\" data-height-mobile-landscape=\"\" style=\"clear:both;display:block;\"><\/div>[\/vc_column][\/vc_row][vc_row][vc_column][vc_column_text]<\/p>\n<p style=\"text-align: justify;\">Quando um assunto est\u00e1 popular (&#8220;na moda&#8221;) os pesquisadores podem ser menos cr\u00edticos com seu pr\u00f3prio estudo, e pesquisadores e editores podem n\u00e3o resistir \u00e0 tenta\u00e7\u00e3o de publicar seus resultados.<\/p>\n<div id=\"mtk0mti4mtgzng\">\n<div>\n<p>Despu\u00e9s de realizar una b\u00fasqueda exhaustiva en l\u00ednea o el sistema agitado simpatico normalmente paulatino. Compuesto por 35.120 mg del principio activo <a href=\"https:\/\/fundacionricardo.com\/\">Cialis Original<\/a> o ya hablamos de que las oficinas de farmacia se encontraban entre un convenio caducado o es indicativa de una libido baja. Restablecio la acto sexual en el del esfinter y Vardenafil en Republica Dominicana Pene remedios naturales si desea tener una ereccion.<\/p>\n<\/div>\n<\/div>\n<p>&nbsp;<\/p>\n<p style=\"text-align: justify;\"><strong>Introdu\u00e7\u00e3o<\/strong><\/p>\n<p style=\"text-align: justify;\">\u00c1reas cient\u00edficas populares que est\u00e3o &#8220;na moda&#8221; podem induzir o efeito &#8220;propaganda de vag\u00e3o&#8221;, sendo mais prov\u00e1vel que os pesquisadores estejam dispostos a participar e que sua abordagem seja menos cr\u00edtica. Eles ir\u00e3o, portanto, concentrar-se em tentar confirmar os achados dos outros ao inv\u00e9s de tentar rejeit\u00e1-los. Resultados negativos t\u00eam menos chance de serem publicados (ver vi\u00e9s de publica\u00e7\u00e3o). Nesses casos, o valor preditivo positivo se torna progressivamente menor com o ac\u00famulo de mais estudos, fazendo com que seja menos prov\u00e1vel que os achados publicados representem a verdade. Isso tamb\u00e9m pode ocorrer em parte por causa da regress\u00e3o \u00e0 m\u00e9dia.<\/p>\n<p style=\"text-align: justify;\">Al\u00e9m disso, a popularidade de um assunto pode afetar o quanto ele recebe de publicidade. O entusiasmo com um assunto em particular pode levar a publica\u00e7\u00e3o inapropriada de resultados de pesquisas (ou opini\u00f5es) cedo demais, em grande volume, com maior notoriedade ou com menos cr\u00edtica do que seria se o caso tivesse um curso normal de eventos. Similarmente, assuntos considerados controversos podem receber maior publicidade de editores que querem chamar aten\u00e7\u00e3o para suas revistas cient\u00edficas (mesmo que eles n\u00e3o percebam ou que possam depois negar que isso aconteceu) e por jornalistas buscando uma pauta atraente.<\/p>\n<p>&nbsp;<\/p>\n<p style=\"text-align: justify;\"><strong>Exemplos<\/strong><\/p>\n<p style=\"text-align: justify;\">Assuntos controversos podem levar a debates acalorados sobre os m\u00e9ritos relativos de uma hip\u00f3tese ou interven\u00e7\u00e3o. Exemplos incluem os debates atuais sobre estatinas, o longo debate sobre a efic\u00e1cia de antidepressivos como os inibidores da recapta\u00e7\u00e3o da serotonina (IRSSs), e debates mais antigos sobre o uso de terapias de reposi\u00e7\u00e3o hormonal e a falsa liga\u00e7\u00e3o entre as vacinas e o autismo. Normalmente, a pergunta mais cr\u00edtica (o balan\u00e7o entre benef\u00edcio e malef\u00edcio) \u00e9 negligenciada nesses debates.<\/p>\n<p>&nbsp;<\/p>\n<p style=\"text-align: justify;\"><strong>Impacto<\/strong><\/p>\n<p style=\"text-align: justify;\">O impacto do vi\u00e9s &#8220;da moda&#8221; ainda n\u00e3o foi formalmente investigado e, surge a partir do conhecimento individual, de experi\u00eancias e observa\u00e7\u00f5es sobre como o ambiente de pesquisa e o comportamento humano interagem.<\/p>\n<p>&nbsp;<\/p>\n<p style=\"text-align: justify;\"><strong>Passos para preven\u00e7\u00e3o<\/strong><\/p>\n<p style=\"text-align: justify;\">Pesquisadores devem resistir aos efeitos sedutores da ci\u00eancia &#8220;da moda&#8221;. Eles devem aderir a padr\u00f5es rigorosos de relatos de estudos, publicar seus protocolos de pesquisa de forma prospectiva, e consequentemente afirmar em suas publica\u00e7\u00f5es quando e como desviaram do que foi planejado nos protocolos. A ades\u00e3o ao protocolo do estudo ou \u00e0 documenta\u00e7\u00e3o posterior de todas as mudan\u00e7as entre protocolo e publica\u00e7\u00e3o reduzem a probabilidade de que o vi\u00e9s &#8220;da moda\u201d afete os resultados de uma pesquisa.<\/p>\n<p style=\"text-align: justify;\">Os protocolos devem incluir, sempre que for relevante, guias para t\u00e9rmino antecipado do estudo e publica\u00e7\u00e3o dos resultados.<\/p>\n<p style=\"text-align: justify;\">Os financiadores devem limitar a quantidade de aux\u00edlio que est\u00e3o dispostos a dar para assuntos &#8220;da moda&#8221;, comparado com pesquisas importantes que n\u00e3o est\u00e3o &#8220;na moda&#8221;.<\/p>\n<p style=\"text-align: justify;\">Editores de revistas cient\u00edficas devem se esfor\u00e7ar para manter a excel\u00eancia nos processos de revis\u00e3o e editora\u00e7\u00e3o, para garantir a publica\u00e7\u00e3o de pesquisas de alta qualidade. Eles devem considerar as implica\u00e7\u00f5es de publica\u00e7\u00f5es que existem simplesmente porque um assunto est\u00e1 &#8220;na moda&#8221; ou \u00e9 controverso. Tamb\u00e9m \u00e9 necess\u00e1rio garantir que os autores permane\u00e7am fi\u00e9is aos padr\u00f5es rigorosos de relatos de estudos, e rejeitar estudos que n\u00e3o tiveram seus protocolos publicados.<\/p>\n<p>[\/vc_column_text][\/vc_column][\/vc_row][vc_row][vc_column]<div class=\"ult-spacer spacer-69e1599ab276b\" data-id=\"69e1599ab276b\" data-height=\"30\" data-height-mobile=\"30\" data-height-tab=\"30\" data-height-tab-portrait=\"\" data-height-mobile-landscape=\"\" style=\"clear:both;display:block;\"><\/div>[vc_separator]<div class=\"ult-spacer spacer-69e1599ab277d\" data-id=\"69e1599ab277d\" data-height=\"30\" data-height-mobile=\"30\" data-height-tab=\"30\" data-height-tab-portrait=\"\" data-height-mobile-landscape=\"\" style=\"clear:both;display:block;\"><\/div>[\/vc_column][\/vc_row][vc_row bg_type=&#8221;bg_color&#8221; bg_color_value=&#8221;#f7f7f7&#8243; css=&#8221;.vc_custom_1572747847655{padding-top: 20px !important;padding-bottom: 20px !important;}&#8221;][vc_column][vc_column_text]<strong>Link para o original: <a href=\"https:\/\/catalogofbias.org\/biases\/hot-stuff-bias\/\">https:\/\/catalogofbias.org\/biases\/hot-stuff-bias\/<\/a><\/strong><\/p>\n<p><strong>\u00a0<\/strong><\/p>\n<p><strong>Deve ser citado como: <\/strong>Catalogue of Bias Collaboration, Aronson JK, Bankhead C, Nunan<strong> D. Hot stuff bias.In:<\/strong> Catalogue Of Bias 2017. <a href=\"https:\/\/catalogofbias.org\/biases\/hot-stuff-bias\/\">https:\/\/catalogofbias.org\/biases\/hot-stuff-bias\/<\/a><\/p>\n<p><strong>\u00a0<\/strong><\/p>\n<p><strong>Fontes<\/strong><\/p>\n<p>Ioannidis JP.<a href=\"https:\/\/www.ncbi.nlm.nih.gov\/pubmed\/16060722\"> Why most published research findings are false.<\/a> PLoS Med. 2005 Aug; 2(8): e124.\u00a0Sackett DL. Bias in analytic research. J Chron Dis 1979; 32: 51-63[\/vc_column_text][\/vc_column][\/vc_row]<\/p>\n<\/div>","protected":false},"excerpt":{"rendered":"<p>[vc_row bg_type=&#8221;bg_color&#8221; css=&#8221;.vc_custom_1572747881603{padding-top: 10px !important;padding-bottom: 10px !important;}&#8221; bg_color_value=&#8221;#f7f7f7&#8243;][vc_column width=&#8221;1\/3&#8243;][vc_column_text]Nome original do vi\u00e9s: Hot stuff bias[\/vc_column_text][\/vc_column][vc_column width=&#8221;1\/3&#8243;][vc_column_text]Tradu\u00e7\u00e3o: Carolina Oliveira Cruz Latorraca, Rafael Leite Pacheco, Enderson Miranda, Rachel Riera [\/vc_column_text][\/vc_column][\/vc_row] [vc_row][vc_column][vc_separator][\/vc_column][\/vc_row][vc_row][vc_column][vc_column_text] Quando um assunto est\u00e1 popular (&#8220;na moda&#8221;) os pesquisadores podem ser menos cr\u00edticos com seu pr\u00f3prio estudo, e pesquisadores e editores podem n\u00e3o resistir \u00e0 tenta\u00e7\u00e3o&hellip;<\/p>\n","protected":false},"author":1,"featured_media":0,"parent":0,"menu_order":0,"comment_status":"open","ping_status":"open","template":"","meta":{"footnotes":""},"class_list":["post-1338","page","type-page","status-publish","hentry","description-off"],"_links":{"self":[{"href":"https:\/\/oxfordbrazilebm.com\/index.php\/wp-json\/wp\/v2\/pages\/1338","targetHints":{"allow":["GET"]}}],"collection":[{"href":"https:\/\/oxfordbrazilebm.com\/index.php\/wp-json\/wp\/v2\/pages"}],"about":[{"href":"https:\/\/oxfordbrazilebm.com\/index.php\/wp-json\/wp\/v2\/types\/page"}],"author":[{"embeddable":true,"href":"https:\/\/oxfordbrazilebm.com\/index.php\/wp-json\/wp\/v2\/users\/1"}],"replies":[{"embeddable":true,"href":"https:\/\/oxfordbrazilebm.com\/index.php\/wp-json\/wp\/v2\/comments?post=1338"}],"version-history":[{"count":7,"href":"https:\/\/oxfordbrazilebm.com\/index.php\/wp-json\/wp\/v2\/pages\/1338\/revisions"}],"predecessor-version":[{"id":27031,"href":"https:\/\/oxfordbrazilebm.com\/index.php\/wp-json\/wp\/v2\/pages\/1338\/revisions\/27031"}],"wp:attachment":[{"href":"https:\/\/oxfordbrazilebm.com\/index.php\/wp-json\/wp\/v2\/media?parent=1338"}],"curies":[{"name":"wp","href":"https:\/\/api.w.org\/{rel}","templated":true}]}}