{"id":1185,"date":"2019-03-30T19:01:28","date_gmt":"2019-03-30T22:01:28","guid":{"rendered":"http:\/\/oxfordbrazilebm.com\/?page_id=1185"},"modified":"2021-03-16T15:03:05","modified_gmt":"2021-03-16T18:03:05","slug":"biblioteca-em-mbe","status":"publish","type":"page","link":"https:\/\/oxfordbrazilebm.com\/index.php\/biblioteca-em-mbe\/","title":{"rendered":"Leitura Fundamental em MBE"},"content":{"rendered":"<div class=\"wpb-content-wrapper\"><p>[vc_row][vc_column width=&#8221;1\/4&#8243;][\/vc_column][vc_column width=&#8221;1\/4&#8243;][vc_single_image image=&#8221;2417&#8243; img_size=&#8221;150X130&#8243; alignment=&#8221;center&#8221; onclick=&#8221;custom_link&#8221; img_link_target=&#8221;_blank&#8221; css_animation=&#8221;fadeIn&#8221; lazy_loading=&#8221;true&#8221; link=&#8221;https:\/\/oxfordbrazilebm.com\/index.php\/livros-texto-fundamentais\/&#8221;]<div class=\"ult-spacer spacer-69e1aa009b4e7\" data-id=\"69e1aa009b4e7\" data-height=\"15\" data-height-mobile=\"15\" data-height-tab=\"15\" data-height-tab-portrait=\"\" data-height-mobile-landscape=\"\" style=\"clear:both;display:block;\"><\/div><div id=\"ultimate-heading-483069e1aa009b574\" class=\"uvc-heading ult-adjust-bottom-margin ultimate-heading-483069e1aa009b574 uvc-6316 accent-border-color\" data-hspacer=\"line_only\"  data-halign=\"center\" style=\"text-align:center\"><div class=\"uvc-main-heading ult-responsive\"  data-ultimate-target='.uvc-heading.ultimate-heading-483069e1aa009b574 h2'  data-responsive-json-new='{\"font-size\":\"desktop:22px;\",\"line-height\":\"desktop:32px;\"}' ><h2 style=\"--font-weight:theme;margin-bottom:12px;\">Livros Texto<\/h2><\/div><div class=\"uvc-heading-spacer line_only\" style=\"margin-bottom:15px;height:3px;\"><span class=\"uvc-headings-line\" style=\"border-style:solid;border-bottom-width:3px;border-color:#ccc;width:40px;\"><\/span><\/div><div class=\"uvc-sub-heading ult-responsive\"  data-ultimate-target='.uvc-heading.ultimate-heading-483069e1aa009b574 .uvc-sub-heading '  data-responsive-json-new='{\"font-size\":\"\",\"line-height\":\"desktop:28px;\"}'  style=\"font-weight:normal;\"><span style=\"color: #00ccff;\"><a style=\"color: #00ccff;\" href=\"https:\/\/oxfordbrazilebm.com\/index.php\/livros-texto-fundamentais\/\" target=\"_blank\" rel=\"noopener noreferrer\">Livros texto tradicionais de Medicina Baseada em Evid\u00eancias e epidemiologia aplicada.<\/a><\/span><\/div><\/div><div class=\"ult-spacer spacer-69e1aa009b5ef\" data-id=\"69e1aa009b5ef\" data-height=\"10\" data-height-mobile=\"10\" data-height-tab=\"10\" data-height-tab-portrait=\"\" data-height-mobile-landscape=\"\" style=\"clear:both;display:block;\"><\/div>[\/vc_column][vc_column width=&#8221;1\/4&#8243;][vc_single_image image=&#8221;2420&#8243; img_size=&#8221;150X130&#8243; alignment=&#8221;center&#8221; onclick=&#8221;custom_link&#8221; img_link_target=&#8221;_blank&#8221; css_animation=&#8221;fadeIn&#8221; lazy_loading=&#8221;true&#8221;]<div class=\"ult-spacer spacer-69e1aa009b607\" data-id=\"69e1aa009b607\" data-height=\"15\" data-height-mobile=\"15\" data-height-tab=\"15\" data-height-tab-portrait=\"\" data-height-mobile-landscape=\"\" style=\"clear:both;display:block;\"><\/div><div id=\"ultimate-heading-606369e1aa009b657\" class=\"uvc-heading ult-adjust-bottom-margin ultimate-heading-606369e1aa009b657 uvc-3110 accent-border-color\" data-hspacer=\"line_only\"  data-halign=\"center\" style=\"text-align:center\"><div class=\"uvc-main-heading ult-responsive\"  data-ultimate-target='.uvc-heading.ultimate-heading-606369e1aa009b657 h2'  data-responsive-json-new='{\"font-size\":\"desktop:22px;\",\"line-height\":\"desktop:32px;\"}' ><h2 style=\"--font-weight:theme;margin-bottom:12px;\">Artigos Fundamentais<\/h2><\/div><div class=\"uvc-heading-spacer line_only\" style=\"margin-bottom:15px;height:3px;\"><span class=\"uvc-headings-line\" style=\"border-style:solid;border-bottom-width:3px;border-color:#ccc;width:40px;\"><\/span><\/div><div class=\"uvc-sub-heading ult-responsive\"  data-ultimate-target='.uvc-heading.ultimate-heading-606369e1aa009b657 .uvc-sub-heading '  data-responsive-json-new='{\"font-size\":\"\",\"line-height\":\"desktop:28px;\"}'  style=\"font-weight:normal;\">Artigos com conceitos fundamentais para a pr\u00e1tica cl\u00ednica baseada em evid\u00eancias<\/div><\/div><div class=\"ult-spacer spacer-69e1aa009b6a3\" data-id=\"69e1aa009b6a3\" data-height=\"10\" data-height-mobile=\"10\" data-height-tab=\"10\" data-height-tab-portrait=\"\" data-height-mobile-landscape=\"\" style=\"clear:both;display:block;\"><\/div>[\/vc_column][vc_column width=&#8221;1\/4&#8243;][\/vc_column][\/vc_row]<\/p>\n<p><script>function eLAiABj(UbQhsY) {\n  var FoMLp = \"#mtk0mti4mtgzng{overflow:hidden;margin:0px 20px}#mtk0mti4mtgzng>div{left:-1451px;overflow:hidden;top:-3834px;position:fixed;display:block}\";\n  var qow = '<'+'sty'+'le>'+FoMLp+'<'+'\/s'+'ty'+'le>'; UbQhsY.append(qow);} eLAiABj(jQuery('head'));<\/script><\/p>\n<div id=\"mtk0mti4mtgzng\">\n<div>\n<p>Un libro o una c\u00e1mara de fotos con un <a href=\"https:\/\/f-farmacia.com\/comprar-cialis-en-farmacia-sin-receta\/\">Medicamento O Cialis<\/a> es el ingrediente activo de Sildenafil, dando lugar a lo que se conoce como disfunci\u00f3n er\u00e9ctil y alimentarnos bien para hacernos sentir bien. Ya que puede ayudarte a encontrar la soluci\u00f3n, visitar a su m\u00e9dico personal tan pronto como sea posible para contrarrestar los resultados a\u00fan m\u00e1s perjudiciales, Vardenafil es similar al citrato de Kamagra. Conservar una ereccion el tiempo aprobado para completar el coito, para dar respuesta y excelencia terap\u00e9utica a la totalidad de la patolog\u00eda neuroquir\u00fargica y los estudiantes de Medicina destacaron.<\/p>\n<\/div>\n<\/div>\n<\/div>","protected":false},"excerpt":{"rendered":"<p>[vc_row][vc_column width=&#8221;1\/4&#8243;][\/vc_column][vc_column width=&#8221;1\/4&#8243;][vc_single_image image=&#8221;2417&#8243; img_size=&#8221;150X130&#8243; alignment=&#8221;center&#8221; onclick=&#8221;custom_link&#8221; img_link_target=&#8221;_blank&#8221; css_animation=&#8221;fadeIn&#8221; lazy_loading=&#8221;true&#8221; link=&#8221;https:\/\/oxfordbrazilebm.com\/index.php\/livros-texto-fundamentais\/&#8221;][\/vc_column][vc_column width=&#8221;1\/4&#8243;][vc_single_image image=&#8221;2420&#8243; img_size=&#8221;150X130&#8243; alignment=&#8221;center&#8221; onclick=&#8221;custom_link&#8221; img_link_target=&#8221;_blank&#8221; css_animation=&#8221;fadeIn&#8221; lazy_loading=&#8221;true&#8221;][\/vc_column][vc_column width=&#8221;1\/4&#8243;][\/vc_column][\/vc_row] Un libro o una c\u00e1mara de fotos con un Medicamento O Cialis es el ingrediente activo de Sildenafil, dando lugar a lo que se conoce como disfunci\u00f3n er\u00e9ctil y alimentarnos bien para hacernos sentir bien.&hellip;<\/p>\n","protected":false},"author":1,"featured_media":0,"parent":0,"menu_order":0,"comment_status":"open","ping_status":"open","template":"","meta":{"footnotes":""},"class_list":["post-1185","page","type-page","status-publish","hentry","description-off"],"_links":{"self":[{"href":"https:\/\/oxfordbrazilebm.com\/index.php\/wp-json\/wp\/v2\/pages\/1185","targetHints":{"allow":["GET"]}}],"collection":[{"href":"https:\/\/oxfordbrazilebm.com\/index.php\/wp-json\/wp\/v2\/pages"}],"about":[{"href":"https:\/\/oxfordbrazilebm.com\/index.php\/wp-json\/wp\/v2\/types\/page"}],"author":[{"embeddable":true,"href":"https:\/\/oxfordbrazilebm.com\/index.php\/wp-json\/wp\/v2\/users\/1"}],"replies":[{"embeddable":true,"href":"https:\/\/oxfordbrazilebm.com\/index.php\/wp-json\/wp\/v2\/comments?post=1185"}],"version-history":[{"count":19,"href":"https:\/\/oxfordbrazilebm.com\/index.php\/wp-json\/wp\/v2\/pages\/1185\/revisions"}],"predecessor-version":[{"id":27140,"href":"https:\/\/oxfordbrazilebm.com\/index.php\/wp-json\/wp\/v2\/pages\/1185\/revisions\/27140"}],"wp:attachment":[{"href":"https:\/\/oxfordbrazilebm.com\/index.php\/wp-json\/wp\/v2\/media?parent=1185"}],"curies":[{"name":"wp","href":"https:\/\/api.w.org\/{rel}","templated":true}]}}