{"id":1181,"date":"2019-10-30T18:56:07","date_gmt":"2019-10-30T18:56:07","guid":{"rendered":"http:\/\/oxfordbrazilebm.com\/?page_id=1181"},"modified":"2020-01-25T13:39:49","modified_gmt":"2020-01-25T13:39:49","slug":"teaching-evidence-based-medicine-brazil-2","status":"publish","type":"page","link":"https:\/\/oxfordbrazilebm.com\/index.php\/teaching-evidence-based-medicine-brazil-2\/","title":{"rendered":"Teaching Evidence-Based Medicine Brazil"},"content":{"rendered":"<div class=\"wpb-content-wrapper\"><p>[vc_row][vc_column][vc_column_text]<strong>Introdu\u00e7\u00e3o: <\/strong>um dos mais prestigiados curso do Centre for Evidence-Based Medicine da Universidade de Oxford.<br \/>\n<strong>Objetivos: <\/strong>abordar m\u00e9todos de ensino\/aprendizagem em MBE para gradua\u00e7\u00e3o e p\u00f3s-gradua\u00e7\u00e3o.<br \/>\n<strong>P\u00fablico-alvo: <\/strong>docentes e futuros docentes da \u00e1rea da sa\u00fade envolvidos ou interessados nos m\u00e9todos da MBE.<br \/>\n<strong>Carga hor\u00e1ria: <\/strong>20 horas.<br \/>\n<strong>Dura\u00e7\u00e3o: <\/strong>3 dias.<br \/>\n<strong>Pr\u00f3xima edi\u00e7\u00e3o: <\/strong>26 a 28 de Junho\/2020 em Petr\u00f3polis\/RJ.<br \/>\n<strong>Informa\u00e7\u00f5es e pr\u00e9-inscri\u00e7\u00e3o: <\/strong> oxfordbrazilebm@gmail.com<br \/>\n[\/vc_column_text][\/vc_column][\/vc_row]<\/p>\n<\/div>","protected":false},"excerpt":{"rendered":"<p>[vc_row][vc_column][vc_column_text]Introdu\u00e7\u00e3o: um dos mais prestigiados curso do Centre for Evidence-Based Medicine da Universidade de Oxford. Objetivos: abordar m\u00e9todos de ensino\/aprendizagem em MBE para gradua\u00e7\u00e3o e p\u00f3s-gradua\u00e7\u00e3o. P\u00fablico-alvo: docentes e futuros docentes da \u00e1rea da sa\u00fade envolvidos ou interessados nos m\u00e9todos da MBE. Carga hor\u00e1ria: 20 horas. Dura\u00e7\u00e3o: 3 dias. Pr\u00f3xima edi\u00e7\u00e3o: 26 a 28 de&hellip;<\/p>\n","protected":false},"author":1,"featured_media":0,"parent":0,"menu_order":0,"comment_status":"closed","ping_status":"closed","template":"","meta":{"footnotes":""},"class_list":["post-1181","page","type-page","status-publish","hentry","description-off"],"_links":{"self":[{"href":"https:\/\/oxfordbrazilebm.com\/index.php\/wp-json\/wp\/v2\/pages\/1181","targetHints":{"allow":["GET"]}}],"collection":[{"href":"https:\/\/oxfordbrazilebm.com\/index.php\/wp-json\/wp\/v2\/pages"}],"about":[{"href":"https:\/\/oxfordbrazilebm.com\/index.php\/wp-json\/wp\/v2\/types\/page"}],"author":[{"embeddable":true,"href":"https:\/\/oxfordbrazilebm.com\/index.php\/wp-json\/wp\/v2\/users\/1"}],"replies":[{"embeddable":true,"href":"https:\/\/oxfordbrazilebm.com\/index.php\/wp-json\/wp\/v2\/comments?post=1181"}],"version-history":[{"count":4,"href":"https:\/\/oxfordbrazilebm.com\/index.php\/wp-json\/wp\/v2\/pages\/1181\/revisions"}],"predecessor-version":[{"id":1532,"href":"https:\/\/oxfordbrazilebm.com\/index.php\/wp-json\/wp\/v2\/pages\/1181\/revisions\/1532"}],"wp:attachment":[{"href":"https:\/\/oxfordbrazilebm.com\/index.php\/wp-json\/wp\/v2\/media?parent=1181"}],"curies":[{"name":"wp","href":"https:\/\/api.w.org\/{rel}","templated":true}]}}