{"id":1171,"date":"2019-10-30T18:47:47","date_gmt":"2019-10-30T18:47:47","guid":{"rendered":"http:\/\/oxfordbrazilebm.com\/?page_id=1171"},"modified":"2020-01-25T19:50:23","modified_gmt":"2020-01-25T19:50:23","slug":"curso-pratica-clinica-baseada-em-evidencias","status":"publish","type":"page","link":"https:\/\/oxfordbrazilebm.com\/index.php\/curso-pratica-clinica-baseada-em-evidencias\/","title":{"rendered":"Pr\u00e1tica Cl\u00ednica Baseada em Evid\u00eancias"},"content":{"rendered":"<div class=\"wpb-content-wrapper\"><p>[vc_row][vc_column][vc_column_text]<strong>Introdu\u00e7\u00e3o:<\/strong> curso desenvolvido para capacitar profissionais e estudantes da \u00e1rea da sa\u00fade a compreender e utilizar na sua pr\u00e1tica cl\u00ednica \u00e0s melhores evid\u00eancias.<br \/>\n<strong>Objetivos:<\/strong> capacitar estudantes e profissionais de sa\u00fade nas 5 habilidades da Pr\u00e1tica Cl\u00ednica Baseada em Evid\u00eancias: ASK, ACQUIRE, APPRAISE, APPLY, ASSESS.<br \/>\n<strong>P\u00fablico-alvo:<\/strong> profissionais e estudantes da \u00e1rea da sa\u00fade.<br \/>\n<strong>Dura\u00e7\u00e3o:<\/strong> dispon\u00edvel como curso de imers\u00e3o (intensivo) ou estendido.<br \/>\n<strong>Carga hor\u00e1ria:<\/strong> vari\u00e1vel de acordo com a modalidade da dura\u00e7\u00e3o.<br \/>\n<strong>Informa\u00e7\u00f5es:<\/strong> oxfordbrazilebm@gmail.com[\/vc_column_text][\/vc_column][\/vc_row]<\/p>\n<\/div>","protected":false},"excerpt":{"rendered":"<p>[vc_row][vc_column][vc_column_text]Introdu\u00e7\u00e3o: curso desenvolvido para capacitar profissionais e estudantes da \u00e1rea da sa\u00fade a compreender e utilizar na sua pr\u00e1tica cl\u00ednica \u00e0s melhores evid\u00eancias. Objetivos: capacitar estudantes e profissionais de sa\u00fade nas 5 habilidades da Pr\u00e1tica Cl\u00ednica Baseada em Evid\u00eancias: ASK, ACQUIRE, APPRAISE, APPLY, ASSESS. P\u00fablico-alvo: profissionais e estudantes da \u00e1rea da sa\u00fade. Dura\u00e7\u00e3o: dispon\u00edvel como&hellip;<\/p>\n","protected":false},"author":1,"featured_media":0,"parent":0,"menu_order":0,"comment_status":"closed","ping_status":"closed","template":"","meta":{"footnotes":""},"class_list":["post-1171","page","type-page","status-publish","hentry","description-off"],"_links":{"self":[{"href":"https:\/\/oxfordbrazilebm.com\/index.php\/wp-json\/wp\/v2\/pages\/1171","targetHints":{"allow":["GET"]}}],"collection":[{"href":"https:\/\/oxfordbrazilebm.com\/index.php\/wp-json\/wp\/v2\/pages"}],"about":[{"href":"https:\/\/oxfordbrazilebm.com\/index.php\/wp-json\/wp\/v2\/types\/page"}],"author":[{"embeddable":true,"href":"https:\/\/oxfordbrazilebm.com\/index.php\/wp-json\/wp\/v2\/users\/1"}],"replies":[{"embeddable":true,"href":"https:\/\/oxfordbrazilebm.com\/index.php\/wp-json\/wp\/v2\/comments?post=1171"}],"version-history":[{"count":5,"href":"https:\/\/oxfordbrazilebm.com\/index.php\/wp-json\/wp\/v2\/pages\/1171\/revisions"}],"predecessor-version":[{"id":1548,"href":"https:\/\/oxfordbrazilebm.com\/index.php\/wp-json\/wp\/v2\/pages\/1171\/revisions\/1548"}],"wp:attachment":[{"href":"https:\/\/oxfordbrazilebm.com\/index.php\/wp-json\/wp\/v2\/media?parent=1171"}],"curies":[{"name":"wp","href":"https:\/\/api.w.org\/{rel}","templated":true}]}}